CRAN Package Check Results for Package otinference

Last updated on 2022-06-26 21:53:59 CEST.

Flavor Version Tinstall Tcheck Ttotal Status Flags
r-devel-linux-x86_64-debian-clang 0.1.0 2.31 21.38 23.69 OK
r-devel-linux-x86_64-debian-gcc 0.1.0 1.27 16.72 17.99 OK
r-devel-linux-x86_64-fedora-clang 0.1.0 40.79 NOTE
r-devel-linux-x86_64-fedora-gcc 0.1.0 39.46 NOTE
r-devel-windows-x86_64 0.1.0 9.00 48.00 57.00 NOTE
r-patched-linux-x86_64 0.1.0 2.10 20.69 22.79 OK
r-release-linux-x86_64 0.1.0 2.20 20.84 23.04 OK
r-release-macos-arm64 0.1.0 16.00 NOTE
r-release-macos-x86_64 0.1.0 19.00 NOTE
r-release-windows-x86_64 0.1.0 14.00 44.00 58.00 NOTE
r-oldrel-macos-arm64 0.1.0 20.00 NOTE
r-oldrel-macos-x86_64 0.1.0 25.00 NOTE
r-oldrel-windows-ix86+x86_64 0.1.0 5.00 39.00 44.00 NOTE

Check Details

Version: 0.1.0
Check: package dependencies
Result: NOTE
    Package suggested but not available for checking: ‘Rcplex’
Flavors: r-devel-linux-x86_64-fedora-clang, r-devel-linux-x86_64-fedora-gcc, r-devel-windows-x86_64, r-release-macos-arm64, r-release-macos-x86_64, r-release-windows-x86_64, r-oldrel-macos-arm64, r-oldrel-macos-x86_64, r-oldrel-windows-ix86+x86_64