CRAN Package Check Results for Package osmextract

Last updated on 2024-03-02 06:52:04 CET.

Flavor Version Tinstall Tcheck Ttotal Status Flags
r-devel-linux-x86_64-debian-clang 0.5.0 5.47 102.07 107.54 OK
r-devel-linux-x86_64-debian-gcc 0.5.0 5.13 78.94 84.07 OK
r-devel-linux-x86_64-fedora-clang 0.5.0 131.63 NOTE
r-devel-linux-x86_64-fedora-gcc 0.5.0 142.04 NOTE
r-devel-windows-x86_64 0.5.0 9.00 106.00 115.00 NOTE
r-patched-linux-x86_64 0.5.0 6.40 100.14 106.54 OK
r-release-linux-x86_64 0.5.0 5.42 98.81 104.23 OK
r-release-macos-arm64 0.5.0 56.00 NOTE
r-release-macos-x86_64 0.5.0 98.00 NOTE
r-release-windows-x86_64 0.5.0 10.00 131.00 141.00 NOTE
r-oldrel-macos-arm64 0.5.0 51.00 NOTE
r-oldrel-windows-x86_64 0.5.0 10.00 136.00 146.00 NOTE

Check Details

Version: 0.5.0
Check: installed package size
Result: NOTE installed size is 5.2Mb sub-directories of 1Mb or more: data 3.4Mb help 1.1Mb Flavors: r-devel-linux-x86_64-fedora-clang, r-devel-windows-x86_64, r-release-macos-arm64, r-release-macos-x86_64, r-release-windows-x86_64, r-oldrel-macos-arm64, r-oldrel-windows-x86_64

Version: 0.5.0
Check: data for non-ASCII characters
Result: NOTE Note: found 34 marked UTF-8 strings Flavors: r-devel-linux-x86_64-fedora-clang, r-devel-linux-x86_64-fedora-gcc