Last updated on 2023-02-02 11:54:10 CET.
Flavor | Version | Tinstall | Tcheck | Ttotal | Status | Flags |
---|---|---|---|---|---|---|
r-devel-linux-x86_64-debian-clang | 0.4.1 | 6.85 | 98.30 | 105.15 | OK | |
r-devel-linux-x86_64-debian-gcc | 0.4.1 | 4.85 | 75.08 | 79.93 | OK | |
r-devel-linux-x86_64-fedora-clang | 0.4.1 | 126.30 | NOTE | |||
r-devel-linux-x86_64-fedora-gcc | 0.4.1 | 139.08 | NOTE | |||
r-devel-windows-x86_64 | 0.4.1 | 40.00 | 159.00 | 199.00 | OK | |
r-patched-linux-x86_64 | 0.4.1 | 5.67 | 94.74 | 100.41 | OK | |
r-release-linux-x86_64 | 0.4.1 | 6.31 | 93.75 | 100.06 | OK | |
r-release-macos-arm64 | 0.4.1 | 51.00 | NOTE | |||
r-release-macos-x86_64 | 0.4.1 | 62.00 | NOTE | |||
r-release-windows-x86_64 | 0.4.1 | 48.00 | 151.00 | 199.00 | OK | |
r-oldrel-macos-arm64 | 0.4.1 | 52.00 | NOTE | |||
r-oldrel-macos-x86_64 | 0.4.1 | 69.00 | NOTE | |||
r-oldrel-windows-ix86+x86_64 | 0.4.1 | 19.00 | 133.00 | 152.00 | OK |
Version: 0.4.1
Check: data for non-ASCII characters
Result: NOTE
Note: found 263 marked UTF-8 strings
Flavors: r-devel-linux-x86_64-fedora-clang, r-devel-linux-x86_64-fedora-gcc, r-release-macos-arm64, r-release-macos-x86_64, r-oldrel-macos-arm64, r-oldrel-macos-x86_64