Last updated on 2024-04-19 11:56:55 CEST.
Flavor | Version | Tinstall | Tcheck | Ttotal | Status | Flags |
---|---|---|---|---|---|---|
r-devel-linux-x86_64-debian-clang | 0.5.0 | 6.79 | 100.59 | 107.38 | OK | |
r-devel-linux-x86_64-debian-gcc | 0.5.0 | OK | ||||
r-devel-linux-x86_64-fedora-clang | 0.5.0 | 131.82 | NOTE | |||
r-devel-linux-x86_64-fedora-gcc | 0.5.0 | 141.10 | NOTE | |||
r-prerel-macos-arm64 | 0.5.0 | 57.00 | NOTE | |||
r-prerel-windows-x86_64 | 0.5.0 | 8.00 | 104.00 | 112.00 | NOTE | |
r-patched-linux-x86_64 | 0.5.0 | 6.65 | 94.97 | 101.62 | OK | |
r-release-linux-x86_64 | 0.5.0 | 6.27 | 95.22 | 101.49 | OK | |
r-release-macos-arm64 | 0.5.0 | 56.00 | NOTE | |||
r-release-macos-x86_64 | 0.5.0 | 98.00 | NOTE | |||
r-release-windows-x86_64 | 0.5.0 | 8.00 | 128.00 | 136.00 | NOTE | |
r-oldrel-macos-arm64 | 0.5.0 | 51.00 | NOTE | |||
r-oldrel-windows-x86_64 | 0.5.0 | 9.00 | 130.00 | 139.00 | NOTE |
Version: 0.5.0
Check: installed package size
Result: NOTE
installed size is 5.2Mb
sub-directories of 1Mb or more:
data 3.4Mb
help 1.1Mb
Flavors: r-devel-linux-x86_64-fedora-clang, r-prerel-macos-arm64, r-prerel-windows-x86_64, r-release-macos-arm64, r-release-macos-x86_64, r-release-windows-x86_64, r-oldrel-macos-arm64, r-oldrel-windows-x86_64
Version: 0.5.0
Check: data for non-ASCII characters
Result: NOTE
Note: found 34 marked UTF-8 strings
Flavors: r-devel-linux-x86_64-fedora-clang, r-devel-linux-x86_64-fedora-gcc