CRAN Package Check Results for Package osmdata

Last updated on 2020-06-06 22:51:19 CEST.

Flavor Version Tinstall Tcheck Ttotal Status Flags
r-devel-linux-x86_64-debian-clang 0.1.3 87.03 74.77 161.80 OK
r-devel-linux-x86_64-debian-gcc 0.1.3 68.32 57.30 125.62 OK
r-devel-linux-x86_64-fedora-clang 0.1.3 220.92 NOTE
r-devel-linux-x86_64-fedora-gcc 0.1.3 209.26 OK
r-devel-windows-ix86+x86_64 0.1.3 196.00 182.00 378.00 NOTE
r-patched-linux-x86_64 0.1.3 76.64 73.92 150.56 OK
r-patched-solaris-x86 0.1.3 208.20 NOTE
r-release-linux-x86_64 0.1.3 75.97 75.23 151.20 OK
r-release-osx-x86_64 0.1.3 NOTE
r-release-windows-ix86+x86_64 0.1.3 187.00 188.00 375.00 NOTE
r-oldrel-osx-x86_64 0.1.3 NOTE
r-oldrel-windows-ix86+x86_64 0.1.3 202.00 137.00 339.00 NOTE

Check Details

Version: 0.1.3
Check: installed package size
Result: NOTE
     installed size is 12.6Mb
     sub-directories of 1Mb or more:
     doc 3.6Mb
     libs 7.9Mb
Flavors: r-devel-linux-x86_64-fedora-clang, r-devel-windows-ix86+x86_64, r-patched-solaris-x86, r-release-osx-x86_64, r-release-windows-ix86+x86_64, r-oldrel-osx-x86_64, r-oldrel-windows-ix86+x86_64