CRAN Package Check Results for Package oskeyring

Last updated on 2021-10-24 06:51:57 CEST.

Flavor Version Tinstall Tcheck Ttotal Status Flags
r-devel-linux-x86_64-debian-clang 0.1.1 3.17 23.20 26.37 NOTE
r-devel-linux-x86_64-debian-gcc 0.1.1 2.30 18.35 20.65 NOTE
r-devel-linux-x86_64-fedora-clang 0.1.1 43.64 NOTE
r-devel-linux-x86_64-fedora-gcc 0.1.1 32.12 NOTE
r-devel-windows-x86_64 0.1.1 9.00 40.00 49.00 NOTE
r-devel-windows-x86_64-gcc10-UCRT 0.1.1 NOTE
r-patched-linux-x86_64 0.1.1 2.80 22.70 25.50 NOTE
r-patched-solaris-x86 0.1.1 52.40 NOTE
r-release-linux-x86_64 0.1.1 2.56 22.69 25.25 NOTE
r-release-macos-arm64 0.1.1 NOTE
r-release-macos-x86_64 0.1.1 NOTE
r-release-windows-ix86+x86_64 0.1.1 11.00 54.00 65.00 NOTE
r-oldrel-macos-x86_64 0.1.1 OK
r-oldrel-windows-ix86+x86_64 0.1.1 15.00 45.00 60.00 OK

Check Details

Version: 0.1.1
Check: LazyData
Result: NOTE
     'LazyData' is specified without a 'data' directory
Flavors: r-devel-linux-x86_64-debian-clang, r-devel-linux-x86_64-debian-gcc, r-devel-linux-x86_64-fedora-clang, r-devel-linux-x86_64-fedora-gcc, r-devel-windows-x86_64, r-devel-windows-x86_64-gcc10-UCRT, r-patched-linux-x86_64, r-patched-solaris-x86, r-release-linux-x86_64, r-release-macos-arm64, r-release-macos-x86_64, r-release-windows-ix86+x86_64