Last updated on 2023-10-04 20:42:34 CEST.
Flavor | Version | Tinstall | Tcheck | Ttotal | Status | Flags |
---|---|---|---|---|---|---|
r-devel-linux-x86_64-debian-clang | 1.2.0 | 49.80 | 90.11 | 139.91 | WARN | |
r-devel-linux-x86_64-debian-gcc | 1.2.1 | 51.41 | 69.16 | 120.57 | OK | |
r-devel-linux-x86_64-fedora-clang | 1.2.1 | 198.01 | OK | |||
r-devel-linux-x86_64-fedora-gcc | 1.2.1 | 226.44 | OK | |||
r-devel-windows-x86_64 | 1.2.1 | 36.00 | 94.00 | 130.00 | OK | |
r-patched-linux-x86_64 | 1.2.0 | 53.94 | 85.86 | 139.80 | OK | |
r-release-linux-x86_64 | 1.2.0 | 53.68 | 87.17 | 140.85 | OK | |
r-release-macos-arm64 | 1.2.1 | 69.00 | OK | |||
r-release-macos-x86_64 | 1.2.1 | 217.00 | OK | |||
r-release-windows-x86_64 | 1.2.0 | 57.00 | 106.00 | 163.00 | OK | |
r-oldrel-macos-arm64 | 1.2.1 | 106.00 | OK | |||
r-oldrel-macos-x86_64 | 1.2.0 | 81.00 | OK | |||
r-oldrel-windows-x86_64 | 1.2.1 | 41.00 | 105.00 | 146.00 | OK |
Version: 1.2.0
Check: usage of KIND in Fortran files
Result: WARN
Found the following file with non-portable usage of KIND:
dbdc.f90
For details set environment variable _R_CHECK_FORTRAN_KIND_DETAILS_ to
a true value.
Flavor: r-devel-linux-x86_64-debian-clang