Last updated on 2024-03-28 12:50:41 CET.
Flavor | Version | Tinstall | Tcheck | Ttotal | Status | Flags |
---|---|---|---|---|---|---|
r-devel-linux-x86_64-debian-clang | 0.6.8 | 309.75 | 127.07 | 436.82 | OK | |
r-devel-linux-x86_64-debian-gcc | 0.6.8 | 234.62 | 97.18 | 331.80 | OK | |
r-devel-linux-x86_64-fedora-clang | 0.6.8 | 620.14 | OK | |||
r-devel-linux-x86_64-fedora-gcc | 0.6.8 | 630.04 | OK | |||
r-devel-windows-x86_64 | 0.6.8 | 216.00 | 121.00 | 337.00 | OK | |
r-patched-linux-x86_64 | 0.6.8 | 298.47 | 125.61 | 424.08 | OK | |
r-release-linux-x86_64 | 0.6.8 | 285.94 | 113.78 | 399.72 | OK | |
r-release-macos-arm64 | 0.6.8 | 122.00 | NOTE | |||
r-release-macos-x86_64 | 0.6.8 | 174.00 | NOTE | |||
r-release-windows-x86_64 | 0.6.8 | 269.00 | 138.00 | 407.00 | OK | |
r-oldrel-macos-arm64 | 0.6.8 | 157.00 | NOTE | |||
r-oldrel-windows-x86_64 | 0.6.8 | 253.00 | 137.00 | 390.00 | OK |
Version: 0.6.8
Check: installed package size
Result: NOTE
installed size is 9.5Mb
sub-directories of 1Mb or more:
libs 9.2Mb
Flavors: r-release-macos-arm64, r-release-macos-x86_64, r-oldrel-macos-arm64