Last updated on 2025-02-22 21:51:23 CET.
Flavor | Version | Tinstall | Tcheck | Ttotal | Status | Flags |
---|---|---|---|---|---|---|
r-devel-linux-x86_64-debian-clang | 4.9 | 2.33 | 17.67 | 20.00 | NOTE | |
r-devel-linux-x86_64-debian-gcc | 4.9 | 1.69 | 13.90 | 15.59 | NOTE | |
r-devel-linux-x86_64-fedora-clang | 4.9 | 31.85 | NOTE | |||
r-devel-linux-x86_64-fedora-gcc | 4.9 | 30.71 | NOTE | |||
r-devel-macos-arm64 | 4.9 | 15.00 | NOTE | |||
r-devel-macos-x86_64 | 4.9 | 24.00 | NOTE | |||
r-devel-windows-x86_64 | 4.9 | 4.00 | 50.00 | 54.00 | NOTE | |
r-patched-linux-x86_64 | 4.9 | 7.27 | 16.67 | 23.94 | NOTE | |
r-release-linux-x86_64 | 4.9 | 2.28 | 16.76 | 19.04 | NOTE | |
r-release-macos-arm64 | 4.9 | 13.00 | NOTE | |||
r-release-macos-x86_64 | 4.9 | 21.00 | NOTE | |||
r-release-windows-x86_64 | 4.9 | 3.00 | 43.00 | 46.00 | NOTE | |
r-oldrel-macos-arm64 | 4.9 | 14.00 | OK | |||
r-oldrel-macos-x86_64 | 4.9 | 17.00 | OK | |||
r-oldrel-windows-x86_64 | 4.9 | 5.00 | 43.00 | 48.00 | OK |
Version: 4.9
Check: Rd files
Result: NOTE
checkRd: (-1) distsumlpmin.Rd:69: Lost braces
69 | \code{Véase}{Vease} \enc{también}{tambien} \code{\link{distsummin}}, \code{\link{orloca.es-package}}, \code{\link{loca.p}} y \code{\link{distsum}}.
| ^
checkRd: (-1) distsummin.Rd:80: Lost braces
80 | \code{Véase}{Vease} \enc{también}{tambien} \code{\link{orloca.es-package}}, \code{\link{loca.p}} y \code{\link{distsum}}.
| ^
Flavors: r-devel-linux-x86_64-debian-clang, r-devel-linux-x86_64-debian-gcc, r-devel-linux-x86_64-fedora-clang, r-devel-linux-x86_64-fedora-gcc, r-devel-macos-arm64, r-devel-macos-x86_64, r-devel-windows-x86_64, r-patched-linux-x86_64, r-release-linux-x86_64, r-release-macos-arm64, r-release-macos-x86_64, r-release-windows-x86_64
Version: 4.9
Check: Rd cross-references
Result: NOTE
Found the following Rd file(s) with Rd \link{} targets missing package
anchors:
distsumgra.Rd: orloca-package
Please provide package anchors for all Rd \link{} targets not in the
package itself and the base packages.
Flavors: r-devel-linux-x86_64-debian-clang, r-devel-linux-x86_64-debian-gcc, r-devel-windows-x86_64