CRAN Package Check Results for Package oreo

Last updated on 2023-02-03 02:51:29 CET.

Flavor Version Tinstall Tcheck Ttotal Status Flags
r-devel-linux-x86_64-debian-clang 1.0 4.98 40.91 45.89 OK
r-devel-linux-x86_64-debian-gcc 1.0 4.09 32.20 36.29 OK
r-devel-linux-x86_64-fedora-clang 1.0 58.25 NOTE
r-devel-linux-x86_64-fedora-gcc 1.0 56.89 NOTE
r-patched-linux-x86_64 1.0 4.40 40.42 44.82 OK
r-release-linux-x86_64 1.0 4.81 39.94 44.75 OK
r-release-macos-arm64 1.0 23.00 NOTE
r-release-macos-x86_64 1.0 40.00 NOTE
r-release-windows-x86_64 1.0 16.00 75.00 91.00 OK
r-oldrel-macos-arm64 1.0 27.00 NOTE
r-oldrel-macos-x86_64 1.0 37.00 NOTE
r-oldrel-windows-ix86+x86_64 1.0 12.00 68.00 80.00 OK

Check Details

Version: 1.0
Check: dependencies in R code
Result: NOTE
    Namespaces in Imports field not imported from:
     ‘ggplot2’ ‘gridExtra’ ‘scales’ ‘tools’
     All declared Imports should be used.
Flavors: r-devel-linux-x86_64-fedora-clang, r-devel-linux-x86_64-fedora-gcc, r-release-macos-arm64, r-release-macos-x86_64, r-oldrel-macos-arm64, r-oldrel-macos-x86_64