Last updated on 2025-02-01 12:48:33 CET.
Flavor | Version | Tinstall | Tcheck | Ttotal | Status | Flags |
---|---|---|---|---|---|---|
r-devel-linux-x86_64-debian-clang | 0.1.1 | 10.45 | 110.27 | 120.72 | NOTE | |
r-devel-linux-x86_64-debian-gcc | 0.1.1 | 7.68 | 80.91 | 88.59 | NOTE | |
r-devel-linux-x86_64-fedora-clang | 0.1.1 | 208.79 | NOTE | |||
r-devel-linux-x86_64-fedora-gcc | 0.1.1 | 206.51 | NOTE | |||
r-devel-windows-x86_64 | 0.1.1 | 13.00 | 126.00 | 139.00 | NOTE | |
r-patched-linux-x86_64 | 0.1.1 | 17.32 | 102.10 | 119.42 | NOTE | |
r-release-linux-x86_64 | 0.1.1 | 10.21 | 102.80 | 113.01 | NOTE | |
r-release-macos-arm64 | 0.1.1 | 59.00 | NOTE | |||
r-release-macos-x86_64 | 0.1.1 | 96.00 | NOTE | |||
r-release-windows-x86_64 | 0.1.1 | 14.00 | 123.00 | 137.00 | NOTE | |
r-oldrel-macos-arm64 | 0.1.1 | 58.00 | OK | |||
r-oldrel-macos-x86_64 | 0.1.1 | 84.00 | OK | |||
r-oldrel-windows-x86_64 | 0.1.1 | 15.00 | 153.00 | 168.00 | OK |
Version: 0.1.1
Check: Rd files
Result: NOTE
checkRd: (-1) lra-ord.Rd:54: Lost braces in \itemize; \value handles \item{}{} directly
checkRd: (-1) lra-ord.Rd:55-56: Lost braces in \itemize; \value handles \item{}{} directly
checkRd: (-1) lra-ord.Rd:57-58: Lost braces in \itemize; \value handles \item{}{} directly
checkRd: (-1) lra-ord.Rd:59: Lost braces in \itemize; \value handles \item{}{} directly
checkRd: (-1) lra-ord.Rd:60: Lost braces in \itemize; \value handles \item{}{} directly
Flavors: r-devel-linux-x86_64-debian-clang, r-devel-linux-x86_64-debian-gcc, r-devel-linux-x86_64-fedora-clang, r-devel-linux-x86_64-fedora-gcc, r-devel-windows-x86_64, r-patched-linux-x86_64, r-release-linux-x86_64, r-release-macos-arm64, r-release-macos-x86_64, r-release-windows-x86_64
Version: 0.1.1
Check: Rd cross-references
Result: NOTE
Found the following Rd file(s) with Rd \link{} targets missing package
anchors:
ordinate.Rd: tidyr_tidy_select
supplementation.Rd: fortify
tbl_ord.Rd: fortify
Please provide package anchors for all Rd \link{} targets not in the
package itself and the base packages.
Flavors: r-devel-linux-x86_64-debian-clang, r-devel-linux-x86_64-debian-gcc, r-devel-windows-x86_64