Last updated on 2024-04-28 11:55:11 CEST.
Flavor | Version | Tinstall | Tcheck | Ttotal | Status | Flags |
---|---|---|---|---|---|---|
r-devel-linux-x86_64-debian-clang | 1.0.8 | 10.59 | 118.26 | 128.85 | OK | |
r-devel-linux-x86_64-debian-gcc | 1.0.8 | 8.82 | 88.48 | 97.30 | OK | |
r-devel-linux-x86_64-fedora-clang | 1.0.8 | 160.05 | NOTE | |||
r-devel-linux-x86_64-fedora-gcc | 1.0.8 | 166.57 | OK | |||
r-devel-windows-x86_64 | 1.0.8 | 11.00 | 72.00 | 83.00 | OK | --no-vignettes |
r-patched-linux-x86_64 | 1.0.8 | 10.27 | 112.41 | 122.68 | OK | |
r-release-linux-x86_64 | 1.0.8 | 10.86 | 112.80 | 123.66 | OK | |
r-release-macos-arm64 | 1.0.8 | 53.00 | OK | |||
r-release-windows-x86_64 | 1.0.8 | 12.00 | 93.00 | 105.00 | OK | --no-vignettes |
r-oldrel-macos-arm64 | 1.0.8 | 60.00 | OK | |||
r-oldrel-macos-x86_64 | 1.0.8 | 183.00 | OK | |||
r-oldrel-windows-x86_64 | 1.0.8 | 15.00 | 95.00 | 110.00 | OK | --no-vignettes |
Version: 1.0.8
Check: Rd cross-references
Result: NOTE
Undeclared package ‘VGAM’ in Rd xrefs
Flavor: r-devel-linux-x86_64-fedora-clang