CRAN Package Check Results for Package ordinalLBM

Last updated on 2024-06-16 21:52:08 CEST.

Flavor Version Tinstall Tcheck Ttotal Status Flags
r-devel-linux-x86_64-debian-clang 1.0 2.32 28.31 30.63 OK
r-devel-linux-x86_64-debian-gcc 1.0 2.07 20.96 23.03 OK
r-devel-linux-x86_64-fedora-clang 1.0 38.71 NOTE
r-devel-linux-x86_64-fedora-gcc 1.0 36.68 NOTE
r-devel-windows-x86_64 1.0 4.00 43.00 47.00 OK
r-patched-linux-x86_64 1.0 2.12 26.79 28.91 OK
r-release-linux-x86_64 1.0 2.14 26.09 28.23 OK
r-release-macos-arm64 1.0 16.00 OK
r-release-macos-x86_64 1.0 24.00 OK
r-release-windows-x86_64 1.0 4.00 50.00 54.00 OK
r-oldrel-macos-arm64 1.0 18.00 OK
r-oldrel-macos-x86_64 1.0 23.00 OK
r-oldrel-windows-x86_64 1.0 4.00 46.00 50.00 OK

Check Details

Version: 1.0
Check: dependencies in R code
Result: NOTE Namespace in Imports field not imported from: ‘reshape2’ All declared Imports should be used. Flavors: r-devel-linux-x86_64-fedora-clang, r-devel-linux-x86_64-fedora-gcc