CRAN Package Check Results for Package ordinalLBM

Last updated on 2023-12-03 21:49:21 CET.

Flavor Version Tinstall Tcheck Ttotal Status Flags
r-devel-linux-x86_64-debian-clang 1.0 2.98 27.00 29.98 OK
r-devel-linux-x86_64-debian-gcc 1.0 2.15 20.54 22.69 OK
r-devel-linux-x86_64-fedora-clang 1.0 37.96 NOTE
r-devel-linux-x86_64-fedora-gcc 1.0 35.89 NOTE
r-devel-windows-x86_64 1.0 3.00 43.00 46.00 OK
r-patched-linux-x86_64 1.0 2.93 26.54 29.47 OK
r-release-linux-x86_64 1.0 2.66 26.76 29.42 OK
r-release-macos-arm64 1.0 18.00 OK
r-release-macos-x86_64 1.0 23.00 OK
r-release-windows-x86_64 1.0 5.00 44.00 49.00 OK
r-oldrel-macos-arm64 1.0 17.00 NOTE
r-oldrel-macos-x86_64 1.0 21.00 NOTE
r-oldrel-windows-x86_64 1.0 4.00 45.00 49.00 OK

Check Details

Version: 1.0
Check: dependencies in R code
Result: NOTE Namespace in Imports field not imported from: ‘reshape2’ All declared Imports should be used. Flavors: r-devel-linux-x86_64-fedora-clang, r-devel-linux-x86_64-fedora-gcc, r-oldrel-macos-arm64, r-oldrel-macos-x86_64