CRAN Package Check Results for Package ordinalClust

Last updated on 2022-01-19 11:54:06 CET.

Flavor Version Tinstall Tcheck Ttotal Status Flags
r-devel-linux-x86_64-debian-clang 1.3.5 OK
r-devel-linux-x86_64-debian-gcc 1.3.5 138.16 57.73 195.89 OK
r-devel-linux-x86_64-fedora-clang 1.3.5 375.27 NOTE
r-devel-linux-x86_64-fedora-gcc 1.3.5 335.70 OK
r-devel-windows-x86_64-new-UL 1.3.5 168.00 135.00 303.00 OK
r-devel-windows-x86_64-new-TK 1.3.5 OK
r-patched-linux-x86_64 1.3.5 163.96 69.51 233.47 OK
r-release-linux-x86_64 1.3.5 OK
r-release-macos-arm64 1.3.5 NOTE
r-release-macos-x86_64 1.3.5 NOTE
r-release-windows-ix86+x86_64 1.3.5 433.00 129.00 562.00 OK
r-oldrel-macos-x86_64 1.3.5 NOTE
r-oldrel-windows-ix86+x86_64 1.3.5 430.00 131.00 561.00 OK

Check Details

Version: 1.3.5
Check: installed package size
Result: NOTE
     installed size is 8.6Mb
     sub-directories of 1Mb or more:
     libs 8.3Mb
Flavors: r-devel-linux-x86_64-fedora-clang, r-release-macos-arm64, r-release-macos-x86_64, r-oldrel-macos-x86_64