CRAN Package Check Results for Package ordPens

Last updated on 2024-07-22 20:55:49 CEST.

Flavor Version Tinstall Tcheck Ttotal Status Flags
r-devel-linux-x86_64-debian-clang 1.1.0 13.72 503.98 517.70 OK
r-devel-linux-x86_64-debian-gcc 1.1.0 10.42 380.24 390.66 NOTE
r-devel-linux-x86_64-fedora-clang 1.1.0 631.74 OK
r-devel-linux-x86_64-fedora-gcc 1.1.0 633.91 OK
r-devel-windows-x86_64 1.1.0 12.00 362.00 374.00 NOTE
r-patched-linux-x86_64 1.1.0 13.89 492.17 506.06 OK
r-release-linux-x86_64 1.1.0 12.45 503.76 516.21 OK
r-release-macos-arm64 1.1.0 168.00 OK
r-release-macos-x86_64 1.1.0 270.00 OK
r-release-windows-x86_64 1.1.0 12.00 358.00 370.00 OK
r-oldrel-macos-arm64 1.1.0 169.00 OK
r-oldrel-macos-x86_64 1.1.0 340.00 OK
r-oldrel-windows-x86_64 1.1.0 16.00 464.00 480.00 OK

Check Details

Version: 1.1.0
Check: Rd cross-references
Result: NOTE Found the following Rd file(s) with Rd \link{} targets missing package anchors: ordAOV.Rd: LRTSim, RLRTSim, RLRsim, exactLRT, exactRLRT ordGene.Rd: LRTSim, RLRTSim ordSmooth.Rd: gam, mgcv Please provide package anchors for all Rd \link{} targets not in the package itself and the base packages. Flavors: r-devel-linux-x86_64-debian-gcc, r-devel-windows-x86_64