Last updated on 2022-05-26 03:53:15 CEST.
Flavor | Version | Tinstall | Tcheck | Ttotal | Status | Flags |
---|---|---|---|---|---|---|
r-devel-linux-x86_64-debian-clang | 0.2.5 | 14.93 | 121.13 | 136.06 | NOTE | |
r-devel-linux-x86_64-debian-gcc | 0.2.5 | 12.52 | 89.86 | 102.38 | NOTE | |
r-devel-linux-x86_64-fedora-clang | 0.2.5 | 164.95 | NOTE | |||
r-devel-linux-x86_64-fedora-gcc | 0.2.5 | 145.09 | NOTE | |||
r-devel-windows-x86_64 | 0.2.5 | 32.00 | 125.00 | 157.00 | NOTE | |
r-patched-linux-x86_64 | 0.2.5 | 14.90 | 114.49 | 129.39 | NOTE | |
r-release-linux-x86_64 | 0.2.5 | NOTE | ||||
r-release-macos-arm64 | 0.2.5 | 38.00 | NOTE | |||
r-release-macos-x86_64 | 0.2.5 | 77.00 | NOTE | |||
r-release-windows-x86_64 | 0.2.5 | 32.00 | 125.00 | 157.00 | NOTE | |
r-oldrel-macos-arm64 | 0.2.5 | 46.00 | NOTE | |||
r-oldrel-macos-x86_64 | 0.2.5 | 68.00 | NOTE | |||
r-oldrel-windows-ix86+x86_64 | 0.2.5 | 30.00 | 122.00 | 152.00 | NOTE |
Version: 0.2.5
Check: LazyData
Result: NOTE
'LazyData' is specified without a 'data' directory
Flavors: r-devel-linux-x86_64-debian-clang, r-devel-linux-x86_64-debian-gcc, r-devel-linux-x86_64-fedora-clang, r-devel-linux-x86_64-fedora-gcc, r-devel-windows-x86_64, r-patched-linux-x86_64, r-release-linux-x86_64, r-release-macos-arm64, r-release-macos-x86_64, r-release-windows-x86_64, r-oldrel-macos-arm64, r-oldrel-macos-x86_64, r-oldrel-windows-ix86+x86_64