CRAN Package Check Results for Package optinterv

Last updated on 2023-09-29 12:57:04 CEST.

Flavor Version Tinstall Tcheck Ttotal Status Flags
r-devel-linux-x86_64-debian-clang 0.1.0 3.31 47.93 51.24 NOTE
r-devel-linux-x86_64-debian-gcc 0.1.0 3.01 36.03 39.04 NOTE
r-devel-linux-x86_64-fedora-clang 0.1.0 64.36 NOTE
r-devel-linux-x86_64-fedora-gcc 0.1.0 74.01 NOTE
r-devel-windows-x86_64 0.1.0 5.00 58.00 63.00 NOTE
r-patched-linux-x86_64 0.1.0 2.65 45.80 48.45 NOTE
r-release-linux-x86_64 0.1.0 3.70 46.64 50.34 NOTE
r-release-macos-arm64 0.1.0 33.00 NOTE
r-release-macos-x86_64 0.1.0 42.00 NOTE
r-release-windows-x86_64 0.1.0 6.00 64.00 70.00 NOTE
r-oldrel-macos-arm64 0.1.0 27.00 NOTE
r-oldrel-macos-x86_64 0.1.0 40.00 NOTE
r-oldrel-windows-x86_64 0.1.0 7.00 64.00 71.00 NOTE

Check Details

Version: 0.1.0
Check: LazyData
Result: NOTE
     'LazyData' is specified without a 'data' directory
Flavors: r-devel-linux-x86_64-debian-clang, r-devel-linux-x86_64-debian-gcc, r-devel-linux-x86_64-fedora-clang, r-devel-linux-x86_64-fedora-gcc, r-devel-windows-x86_64, r-patched-linux-x86_64, r-release-linux-x86_64, r-release-macos-arm64, r-release-macos-x86_64, r-release-windows-x86_64, r-oldrel-macos-arm64, r-oldrel-macos-x86_64, r-oldrel-windows-x86_64