CRAN Package Check Results for Package optimus

Last updated on 2024-05-27 12:51:38 CEST.

Flavor Version Tinstall Tcheck Ttotal Status Flags
r-devel-linux-x86_64-debian-clang 0.2.0 3.28 236.07 239.35 OK
r-devel-linux-x86_64-debian-gcc 0.2.0 1.97 159.09 161.06 OK
r-devel-linux-x86_64-fedora-clang 0.2.0 279.78 NOTE
r-devel-linux-x86_64-fedora-gcc 0.2.0 278.20 NOTE
r-devel-windows-x86_64 0.2.0 3.00 192.00 195.00 OK
r-patched-linux-x86_64 0.2.0 3.12 216.07 219.19 OK
r-release-linux-x86_64 0.2.0 3.27 215.72 218.99 OK
r-release-macos-arm64 0.2.0 84.00 OK
r-release-windows-x86_64 0.2.0 3.00 190.00 193.00 OK
r-oldrel-macos-arm64 0.2.0 82.00 OK
r-oldrel-macos-x86_64 0.2.0 144.00 OK
r-oldrel-windows-x86_64 0.2.0 4.00 221.00 225.00 OK

Check Details

Version: 0.2.0
Check: dependencies in R code
Result: NOTE Namespace in Imports field not imported from: ‘methods’ All declared Imports should be used. Flavors: r-devel-linux-x86_64-fedora-clang, r-devel-linux-x86_64-fedora-gcc