Last updated on 2023-03-21 12:50:43 CET.
Flavor | Version | Tinstall | Tcheck | Ttotal | Status | Flags |
---|---|---|---|---|---|---|
r-devel-linux-x86_64-debian-clang | 1.0.1 | 13.08 | 88.71 | 101.79 | NOTE | |
r-devel-linux-x86_64-debian-gcc | 1.0.1 | 9.49 | 67.53 | 77.02 | NOTE | |
r-devel-linux-x86_64-fedora-clang | 1.0.1 | 127.66 | NOTE | |||
r-devel-linux-x86_64-fedora-gcc | 1.0.1 | 119.31 | NOTE | |||
r-patched-linux-x86_64 | 1.0.1 | 15.09 | 87.82 | 102.91 | NOTE | |
r-release-linux-x86_64 | 1.0.1 | 11.96 | 87.18 | 99.14 | NOTE | |
r-release-macos-arm64 | 1.0.1 | 40.00 | OK | |||
r-release-macos-x86_64 | 1.0.1 | 63.00 | OK | |||
r-release-windows-x86_64 | 1.0.1 | 19.00 | 118.00 | 137.00 | OK | |
r-oldrel-macos-arm64 | 1.0.1 | 57.00 | OK | |||
r-oldrel-macos-x86_64 | 1.0.1 | 85.00 | OK | |||
r-oldrel-windows-ix86+x86_64 | 1.0.1 | 23.00 | 108.00 | 131.00 | OK |
Version: 1.0.1
Check: for non-standard things in the check directory
Result: NOTE
Found the following files/directories:
‘Graph_layout_Doptbd_trtE’
Flavors: r-devel-linux-x86_64-debian-clang, r-devel-linux-x86_64-debian-gcc, r-devel-linux-x86_64-fedora-clang, r-devel-linux-x86_64-fedora-gcc, r-patched-linux-x86_64, r-release-linux-x86_64