Last updated on 2024-04-24 02:53:07 CEST.
Flavor | Version | Tinstall | Tcheck | Ttotal | Status | Flags |
---|---|---|---|---|---|---|
r-devel-linux-x86_64-debian-clang | 1.5 | 121.02 | 331.99 | 453.01 | NOTE | |
r-devel-linux-x86_64-debian-gcc | 1.5 | 99.12 | 232.21 | 331.33 | NOTE | |
r-devel-linux-x86_64-fedora-clang | 1.5 | 590.52 | NOTE | |||
r-devel-linux-x86_64-fedora-gcc | 1.5 | 576.64 | NOTE | |||
r-prerel-macos-arm64 | 1.5 | 117.00 | NOTE | |||
r-prerel-macos-x86_64 | 1.5 | 310.00 | NOTE | |||
r-prerel-windows-x86_64 | 1.5 | 92.00 | 244.00 | 336.00 | NOTE | |
r-patched-linux-x86_64 | 1.5 | 115.17 | 309.14 | 424.31 | OK | |
r-release-linux-x86_64 | 1.5 | 113.49 | 310.54 | 424.03 | OK | |
r-release-macos-arm64 | 1.5 | 131.00 | NOTE | |||
r-release-macos-x86_64 | 1.5 | 348.00 | NOTE | |||
r-release-windows-x86_64 | 1.5 | 81.00 | 308.00 | 389.00 | NOTE | |
r-oldrel-macos-arm64 | 1.5 | 135.00 | NOTE | |||
r-oldrel-windows-x86_64 | 1.5 | 104.00 | 271.00 | 375.00 | NOTE |
Version: 1.5
Check: compiled code
Result: NOTE
File ‘openxlsx2/libs/openxlsx2.so’:
Found non-API call to R: ‘Rf_isBlankString’
Compiled code should not call non-API entry points in R.
See ‘Writing portable packages’ in the ‘Writing R Extensions’ manual.
Flavors: r-devel-linux-x86_64-debian-clang, r-devel-linux-x86_64-debian-gcc, r-devel-linux-x86_64-fedora-clang, r-devel-linux-x86_64-fedora-gcc
Version: 1.5
Check: installed package size
Result: NOTE
installed size is 5.0Mb
sub-directories of 1Mb or more:
doc 1.5Mb
libs 1.1Mb
Flavors: r-devel-linux-x86_64-fedora-clang, r-prerel-macos-arm64, r-prerel-macos-x86_64, r-prerel-windows-x86_64, r-release-macos-arm64, r-release-macos-x86_64, r-release-windows-x86_64, r-oldrel-macos-arm64, r-oldrel-windows-x86_64