CRAN Package Check Results for Package openxlsx2

Last updated on 2023-09-29 12:57:04 CEST.

Flavor Version Tinstall Tcheck Ttotal Status Flags
r-devel-linux-x86_64-debian-clang 1.0 82.77 256.75 339.52 OK
r-devel-linux-x86_64-debian-gcc 1.0 66.48 191.04 257.52 OK
r-devel-linux-x86_64-fedora-clang 1.0 440.09 OK
r-devel-linux-x86_64-fedora-gcc 1.0 453.50 OK
r-devel-windows-x86_64 1.0 57.00 255.00 312.00 OK
r-patched-linux-x86_64 1.0 88.85 251.14 339.99 OK
r-release-linux-x86_64 1.0 90.57 252.15 342.72 OK
r-release-macos-arm64 1.0 117.00 NOTE
r-release-macos-x86_64 1.0 282.00 NOTE
r-release-windows-x86_64 1.0 66.00 318.00 384.00 OK
r-oldrel-macos-arm64 1.0 104.00 NOTE
r-oldrel-macos-x86_64 1.0 145.00 NOTE
r-oldrel-windows-x86_64 1.0 80.00 276.00 356.00 OK

Check Details

Version: 1.0
Check: installed package size
Result: NOTE
     installed size is 9.0Mb
     sub-directories of 1Mb or more:
     doc 1.5Mb
     libs 5.5Mb
Flavors: r-release-macos-arm64, r-release-macos-x86_64, r-oldrel-macos-arm64, r-oldrel-macos-x86_64