CRAN Package Check Results for Package openxlsx

Last updated on 2022-05-17 12:49:01 CEST.

Flavor Version Tinstall Tcheck Ttotal Status Flags
r-devel-linux-x86_64-debian-clang 4.2.5 141.63 154.23 295.86 WARN
r-devel-linux-x86_64-debian-gcc 4.2.5 101.71 118.20 219.91 OK
r-devel-linux-x86_64-fedora-clang 4.2.5 395.81 WARN
r-devel-linux-x86_64-fedora-gcc 4.2.5 349.08 OK
r-devel-windows-x86_64 4.2.5 189.00 247.00 436.00 OK
r-patched-linux-x86_64 4.2.5 120.77 149.33 270.10 OK
r-release-linux-x86_64 4.2.5 112.92 149.36 262.28 OK
r-release-macos-arm64 4.2.5 94.00 NOTE
r-release-macos-x86_64 4.2.5 133.00 NOTE
r-release-windows-x86_64 4.2.5 204.00 280.00 484.00 OK
r-oldrel-macos-arm64 4.2.5 90.00 NOTE
r-oldrel-macos-x86_64 4.2.5 138.00 NOTE
r-oldrel-windows-ix86+x86_64 4.2.5 266.00 285.00 551.00 OK

Additional issues

clang14

Check Details

Version: 4.2.5
Check: whether package can be installed
Result: WARN
    Found the following significant warnings:
     load_workbook.cpp:122:15: warning: use of bitwise '|' with boolean operands [-Wbitwise-instead-of-logical]
     load_workbook.cpp:142:17: warning: use of bitwise '&' with boolean operands [-Wbitwise-instead-of-logical]
     read_workbook.cpp:640:6: warning: use of bitwise '|' with boolean operands [-Wbitwise-instead-of-logical]
     write_data.cpp:106:8: warning: use of bitwise '|' with boolean operands [-Wbitwise-instead-of-logical]
     write_data.cpp:137:8: warning: use of bitwise '|' with boolean operands [-Wbitwise-instead-of-logical]
     write_file.cpp:251:14: warning: use of bitwise '&' with boolean operands [-Wbitwise-instead-of-logical]
Flavors: r-devel-linux-x86_64-debian-clang, r-devel-linux-x86_64-fedora-clang

Version: 4.2.5
Check: installed package size
Result: NOTE
     installed size is 6.0Mb
     sub-directories of 1Mb or more:
     extdata 1.1Mb
     libs 3.7Mb
Flavors: r-devel-linux-x86_64-fedora-clang, r-release-macos-arm64, r-release-macos-x86_64, r-oldrel-macos-arm64, r-oldrel-macos-x86_64