CRAN Package Check Results for Package opentripplanner

Last updated on 2022-01-22 12:56:23 CET.

Flavor Version Tinstall Tcheck Ttotal Status Flags
r-devel-linux-x86_64-debian-clang 0.3.1 2.98 45.87 48.85 OK
r-devel-linux-x86_64-debian-gcc 0.4.0 3.10 45.98 49.08 OK
r-devel-linux-x86_64-fedora-clang 0.4.0 70.13 OK
r-devel-linux-x86_64-fedora-gcc 0.4.0 59.37 OK
r-devel-windows-x86_64-new-UL 0.3.1 62.00 96.00 158.00 OK
r-devel-windows-x86_64-new-TK 0.3.1 NOTE
r-patched-linux-x86_64 0.4.0 4.23 59.55 63.78 OK
r-release-linux-x86_64 0.3.1 4.15 46.90 51.05 OK
r-release-macos-arm64 0.3.1 NOTE
r-release-macos-x86_64 0.4.0 OK
r-release-windows-ix86+x86_64 0.4.0 9.00 80.00 89.00 OK
r-oldrel-macos-x86_64 0.3.1 NOTE
r-oldrel-windows-ix86+x86_64 0.4.0 10.00 87.00 97.00 OK

Check Details

Version: 0.3.1
Check: dependencies in R code
Result: NOTE
    Namespace in Imports field not imported from: 'tibble'
     All declared Imports should be used.
Flavors: r-devel-windows-x86_64-new-TK, r-release-macos-arm64, r-oldrel-macos-x86_64