Last updated on 2024-04-20 05:59:00 CEST.
Flavor | Version | Tinstall | Tcheck | Ttotal | Status | Flags |
---|---|---|---|---|---|---|
r-devel-linux-x86_64-debian-clang | 2.1.1 | 17.22 | 67.66 | 84.88 | OK | |
r-devel-linux-x86_64-debian-gcc | 2.1.1 | 11.22 | 46.08 | 57.30 | OK | |
r-devel-linux-x86_64-fedora-clang | 2.1.1 | 114.14 | OK | |||
r-devel-linux-x86_64-fedora-gcc | 2.1.1 | 122.97 | OK | |||
r-prerel-macos-arm64 | 2.1.1 | 45.00 | ERROR | |||
r-prerel-windows-x86_64 | 2.1.1 | 49.00 | 123.00 | 172.00 | NOTE | |
r-patched-linux-x86_64 | 2.1.1 | 15.58 | 61.45 | 77.03 | OK | |
r-release-linux-x86_64 | 2.1.1 | 12.56 | 61.10 | 73.66 | OK | |
r-release-macos-arm64 | 2.1.1 | 128.00 | NOTE | |||
r-release-macos-x86_64 | 2.1.1 | 164.00 | NOTE | |||
r-release-windows-x86_64 | 2.1.1 | 56.00 | 141.00 | 197.00 | NOTE | |
r-oldrel-macos-arm64 | 2.1.1 | 50.00 | NOTE | |||
r-oldrel-windows-x86_64 | 2.1.1 | 46.00 | 118.00 | 164.00 | NOTE |
Version: 2.1.1
Check: installed package size
Result: NOTE
installed size is 5.9Mb
sub-directories of 1Mb or more:
doc 2.6Mb
libs 2.9Mb
Flavors: r-prerel-macos-arm64, r-prerel-windows-x86_64, r-release-macos-arm64, r-release-macos-x86_64, r-release-windows-x86_64, r-oldrel-macos-arm64, r-oldrel-windows-x86_64
Version: 2.1.1
Check: re-building of vignette outputs
Result: ERROR
Error(s) in re-building vignettes:
--- re-building ‘bignum.Rmd’ using rmarkdown
Error: processing vignette 'bignum.Rmd' failed with diagnostics:
there is no package called ‘sass’
--- failed re-building ‘bignum.Rmd’
--- re-building ‘crypto_hashing.Rmd’ using rmarkdown
Error: processing vignette 'crypto_hashing.Rmd' failed with diagnostics:
there is no package called ‘sass’
--- failed re-building ‘crypto_hashing.Rmd’
--- re-building ‘keys.Rmd’ using rmarkdown
Error: processing vignette 'keys.Rmd' failed with diagnostics:
there is no package called ‘sass’
--- failed re-building ‘keys.Rmd’
--- re-building ‘secure_rng.Rmd’ using rmarkdown
Error: processing vignette 'secure_rng.Rmd' failed with diagnostics:
there is no package called ‘sass’
--- failed re-building ‘secure_rng.Rmd’
SUMMARY: processing the following files failed:
‘bignum.Rmd’ ‘crypto_hashing.Rmd’ ‘keys.Rmd’ ‘secure_rng.Rmd’
Error: Vignette re-building failed.
Execution halted
Flavor: r-prerel-macos-arm64