Last updated on 2023-12-05 12:50:15 CET.
Flavor | Version | Tinstall | Tcheck | Ttotal | Status | Flags |
---|---|---|---|---|---|---|
r-devel-linux-x86_64-debian-clang | 2.1.1 | 18.51 | 72.41 | 90.92 | OK | |
r-devel-linux-x86_64-debian-gcc | 2.1.1 | 11.29 | 55.73 | 67.02 | OK | |
r-devel-linux-x86_64-fedora-clang | 2.1.1 | 111.45 | OK | |||
r-devel-linux-x86_64-fedora-gcc | 2.1.1 | 114.40 | OK | |||
r-devel-windows-x86_64 | 2.1.1 | 50.00 | 122.00 | 172.00 | NOTE | |
r-patched-linux-x86_64 | 2.1.1 | 13.42 | 75.13 | 88.55 | OK | |
r-release-linux-x86_64 | 2.1.1 | 15.04 | 69.88 | 84.92 | OK | |
r-release-macos-arm64 | 2.1.1 | 128.00 | NOTE | |||
r-release-macos-x86_64 | 2.1.1 | 164.00 | NOTE | |||
r-release-windows-x86_64 | 2.1.1 | 58.00 | 131.00 | 189.00 | NOTE | |
r-oldrel-macos-arm64 | 2.1.1 | 50.00 | NOTE | |||
r-oldrel-macos-x86_64 | 2.1.1 | 144.00 | NOTE | |||
r-oldrel-windows-x86_64 | 2.1.1 | 45.00 | 118.00 | 163.00 | NOTE |
Version: 2.1.1
Check: installed package size
Result: NOTE
installed size is 7.8Mb
sub-directories of 1Mb or more:
doc 2.6Mb
libs 4.7Mb
Flavors: r-devel-windows-x86_64, r-release-macos-arm64, r-release-macos-x86_64, r-release-windows-x86_64, r-oldrel-macos-arm64, r-oldrel-macos-x86_64, r-oldrel-windows-x86_64