Last updated on 2023-09-29 12:57:04 CEST.
Flavor | Version | Tinstall | Tcheck | Ttotal | Status | Flags |
---|---|---|---|---|---|---|
r-devel-linux-x86_64-debian-clang | 2.2.11 | 4.87 | 42.96 | 47.83 | OK | |
r-devel-linux-x86_64-debian-gcc | 2.2.11 | 4.67 | 33.04 | 37.71 | OK | |
r-devel-linux-x86_64-fedora-clang | 2.2.11 | 65.20 | NOTE | |||
r-devel-linux-x86_64-fedora-gcc | 2.2.11 | 78.35 | NOTE | |||
r-devel-windows-x86_64 | 2.2.11 | 7.00 | 53.00 | 60.00 | NOTE | |
r-patched-linux-x86_64 | 2.2.11 | 8.38 | 42.28 | 50.66 | OK | |
r-release-linux-x86_64 | 2.2.11 | 6.40 | 43.27 | 49.67 | OK | |
r-release-macos-arm64 | 2.2.11 | 30.00 | OK | |||
r-release-macos-x86_64 | 2.2.11 | 49.00 | OK | |||
r-release-windows-x86_64 | 2.2.11 | 8.00 | 57.00 | 65.00 | NOTE | |
r-oldrel-macos-arm64 | 2.2.11 | 26.00 | OK | |||
r-oldrel-macos-x86_64 | 2.2.11 | 37.00 | OK | |||
r-oldrel-windows-x86_64 | 2.2.11 | 8.00 | 59.00 | 67.00 | NOTE |
Version: 2.2.11
Check: data for non-ASCII characters
Result: NOTE
Note: found 4 marked UTF-8 strings
Flavors: r-devel-linux-x86_64-fedora-clang, r-devel-linux-x86_64-fedora-gcc
Version: 2.2.11
Check: package dependencies
Result: NOTE
Package suggested but not available for checking: 'unix'
Flavors: r-devel-windows-x86_64, r-release-windows-x86_64, r-oldrel-windows-x86_64