CRAN Package Check Results for Package opencpu

Last updated on 2024-06-15 12:48:30 CEST.

Flavor Version Tinstall Tcheck Ttotal Status Flags
r-devel-linux-x86_64-debian-clang 2.2.12 4.36 45.36 49.72 OK
r-devel-linux-x86_64-debian-gcc 2.2.12 4.77 34.69 39.46 OK
r-devel-linux-x86_64-fedora-clang 2.2.12 66.46 NOTE
r-devel-linux-x86_64-fedora-gcc 2.2.12 74.42 NOTE
r-devel-windows-x86_64 2.2.12 5.00 53.00 58.00 NOTE
r-patched-linux-x86_64 2.2.12 10.06 44.72 54.78 OK
r-release-linux-x86_64 2.2.12 5.96 44.90 50.86 OK
r-release-macos-arm64 2.2.12 30.00 OK
r-release-macos-x86_64 2.2.12 43.00 OK
r-release-windows-x86_64 2.2.12 6.00 59.00 65.00 NOTE
r-oldrel-macos-arm64 2.2.12 28.00 OK
r-oldrel-macos-x86_64 2.2.12 59.00 OK
r-oldrel-windows-x86_64 2.2.12 7.00 59.00 66.00 NOTE

Check Details

Version: 2.2.12
Check: data for non-ASCII characters
Result: NOTE Note: found 4 marked UTF-8 strings Flavors: r-devel-linux-x86_64-fedora-clang, r-devel-linux-x86_64-fedora-gcc

Version: 2.2.12
Check: package dependencies
Result: NOTE Package suggested but not available for checking: 'unix' Flavors: r-devel-windows-x86_64, r-release-windows-x86_64, r-oldrel-windows-x86_64