Last updated on 2022-05-25 05:53:44 CEST.
Flavor | Version | Tinstall | Tcheck | Ttotal | Status | Flags |
---|---|---|---|---|---|---|
r-devel-linux-x86_64-debian-clang | 2.2.2 | 171.71 | 505.56 | 677.27 | NOTE | |
r-devel-linux-x86_64-debian-gcc | 2.2.2 | 140.22 | 375.83 | 516.05 | NOTE | |
r-devel-linux-x86_64-fedora-clang | 2.2.2 | 869.88 | NOTE | |||
r-devel-linux-x86_64-fedora-gcc | 2.2.2 | 787.42 | NOTE | |||
r-devel-windows-x86_64 | 2.2.2 | 164.00 | 533.00 | 697.00 | NOTE | |
r-patched-linux-x86_64 | 2.2.2 | 158.09 | 481.74 | 639.83 | NOTE | |
r-release-linux-x86_64 | 2.2.2 | NOTE | ||||
r-release-macos-arm64 | 2.2.2 | 79.00 | ERROR | |||
r-release-macos-x86_64 | 2.2.2 | 254.00 | NOTE | |||
r-release-windows-x86_64 | 2.2.2 | 171.00 | 512.00 | 683.00 | NOTE | |
r-oldrel-macos-arm64 | 2.2.2 | 178.00 | NOTE | |||
r-oldrel-macos-x86_64 | 2.2.2 | 272.00 | NOTE | |||
r-oldrel-windows-ix86+x86_64 | 2.2.2 | 430.00 | 711.00 | 1141.00 | NOTE |
Version: 2.2.2
Check: package dependencies
Result: NOTE
Package suggested but not available for checking: 'R2ucare'
Flavors: r-devel-linux-x86_64-debian-clang, r-devel-linux-x86_64-debian-gcc, r-devel-linux-x86_64-fedora-clang, r-devel-linux-x86_64-fedora-gcc, r-patched-linux-x86_64, r-release-linux-x86_64
Version: 2.2.2
Check: for GNU extensions in Makefiles
Result: NOTE
GNU make is a SystemRequirements.
Flavors: r-devel-linux-x86_64-debian-clang, r-devel-linux-x86_64-debian-gcc, r-devel-linux-x86_64-fedora-clang, r-devel-linux-x86_64-fedora-gcc, r-devel-windows-x86_64, r-patched-linux-x86_64, r-release-linux-x86_64, r-release-macos-x86_64, r-release-windows-x86_64, r-oldrel-macos-arm64, r-oldrel-macos-x86_64, r-oldrel-windows-ix86+x86_64
Version: 2.2.2
Check: installed package size
Result: NOTE
installed size is 5.8Mb
sub-directories of 1Mb or more:
exampledata 1.3Mb
libs 3.1Mb
Flavors: r-devel-linux-x86_64-fedora-clang, r-release-macos-x86_64, r-oldrel-macos-arm64, r-oldrel-macos-x86_64, r-oldrel-windows-ix86+x86_64
Version: 2.2.2
Check: whether package can be installed
Result: ERROR
Installation failed.
Flavor: r-release-macos-arm64