Last updated on 2024-04-19 11:56:54 CEST.
Flavor | Version | Tinstall | Tcheck | Ttotal | Status | Flags |
---|---|---|---|---|---|---|
r-devel-linux-x86_64-debian-clang | 0.2.0 | 2.39 | 36.04 | 38.43 | OK | |
r-devel-linux-x86_64-debian-gcc | 0.2.0 | OK | ||||
r-devel-linux-x86_64-fedora-clang | 0.2.0 | 49.92 | NOTE | |||
r-devel-linux-x86_64-fedora-gcc | 0.2.0 | 60.10 | OK | |||
r-prerel-macos-arm64 | 0.2.0 | 33.00 | OK | |||
r-prerel-windows-x86_64 | 0.2.0 | 4.00 | 61.00 | 65.00 | OK | |
r-patched-linux-x86_64 | 0.2.0 | 2.01 | 34.82 | 36.83 | OK | |
r-release-linux-x86_64 | 0.2.0 | 2.20 | 33.39 | 35.59 | OK | |
r-release-macos-arm64 | 0.2.0 | 47.00 | OK | |||
r-release-macos-x86_64 | 0.2.0 | 66.00 | OK | |||
r-release-windows-x86_64 | 0.2.0 | 3.00 | 60.00 | 63.00 | OK | |
r-oldrel-macos-arm64 | 0.2.0 | 33.00 | OK | |||
r-oldrel-windows-x86_64 | 0.2.0 | 4.00 | 68.00 | 72.00 | OK |
Version: 0.2.0
Check: Rd cross-references
Result: NOTE
Undeclared package ‘lubridate’ in Rd xrefs
Flavor: r-devel-linux-x86_64-fedora-clang