CRAN Package Check Results for Package onemapsgapi

Last updated on 2020-08-11 12:50:08 CEST.

Flavor Version Tinstall Tcheck Ttotal Status Flags
r-devel-linux-x86_64-debian-clang 1.0.0 5.11 42.42 47.53 OK
r-devel-linux-x86_64-debian-gcc 1.0.0 0.34 1.95 2.29 ERROR
r-devel-linux-x86_64-fedora-clang 1.0.0 64.46 OK
r-devel-linux-x86_64-fedora-gcc 1.0.0 53.76 OK
r-devel-windows-ix86+x86_64 1.0.0 11.00 75.00 86.00 OK
r-patched-linux-x86_64 1.0.0 4.42 40.54 44.96 OK
r-patched-solaris-x86 1.0.0 96.50 OK
r-release-linux-x86_64 1.0.0 0.43 2.66 3.09 ERROR
r-release-macos-x86_64 1.0.0 OK
r-release-windows-ix86+x86_64 1.0.0 19.00 82.00 101.00 OK
r-oldrel-macos-x86_64 1.0.0 OK
r-oldrel-windows-ix86+x86_64 1.0.0 9.00 49.00 58.00 OK

Check Details

Version: 1.0.0
Check: package dependencies
Result: ERROR
    Package required but not available: ‘tidyr’
    
    See section ‘The DESCRIPTION file’ in the ‘Writing R Extensions’
    manual.
Flavors: r-devel-linux-x86_64-debian-gcc, r-release-linux-x86_64