Last updated on 2023-03-24 12:50:50 CET.
Flavor | Version | Tinstall | Tcheck | Ttotal | Status | Flags |
---|---|---|---|---|---|---|
r-devel-linux-x86_64-debian-clang | 0.1.3 | 173.20 | 436.15 | 609.35 | NOTE | |
r-devel-linux-x86_64-debian-gcc | 0.1.3 | 153.54 | 256.21 | 409.75 | NOTE | |
r-devel-linux-x86_64-fedora-clang | 0.1.3 | 750.86 | NOTE | |||
r-devel-linux-x86_64-fedora-gcc | 0.1.3 | 799.40 | NOTE | |||
r-patched-linux-x86_64 | 0.1.3 | 123.37 | 428.25 | 551.62 | NOTE | |
r-release-linux-x86_64 | 0.1.3 | 148.90 | 333.89 | 482.79 | NOTE | |
r-release-macos-arm64 | 0.1.3 | 191.00 | NOTE | |||
r-release-macos-x86_64 | 0.1.3 | 275.00 | NOTE | |||
r-release-windows-x86_64 | 0.1.3 | 148.00 | 446.00 | 594.00 | NOTE | |
r-oldrel-macos-arm64 | 0.1.3 | 215.00 | NOTE | |||
r-oldrel-macos-x86_64 | 0.1.3 | 274.00 | NOTE | |||
r-oldrel-windows-ix86+x86_64 | 0.1.3 | 414.00 | 737.00 | 1151.00 | NOTE |
Version: 0.1.3
Check: for GNU extensions in Makefiles
Result: NOTE
GNU make is a SystemRequirements.
Flavors: r-devel-linux-x86_64-debian-clang, r-devel-linux-x86_64-debian-gcc, r-devel-linux-x86_64-fedora-clang, r-devel-linux-x86_64-fedora-gcc, r-patched-linux-x86_64, r-release-linux-x86_64, r-release-macos-arm64, r-release-macos-x86_64, r-release-windows-x86_64, r-oldrel-macos-arm64, r-oldrel-macos-x86_64, r-oldrel-windows-ix86+x86_64
Version: 0.1.3
Check: dependencies in R code
Result: NOTE
Namespace in Imports field not imported from: ‘rstantools’
All declared Imports should be used.
Flavors: r-devel-linux-x86_64-fedora-clang, r-devel-linux-x86_64-fedora-gcc
Version: 0.1.3
Check: installed package size
Result: NOTE
installed size is 41.7Mb
sub-directories of 1Mb or more:
doc 1.1Mb
libs 39.6Mb
Flavors: r-release-macos-arm64, r-release-macos-x86_64, r-oldrel-macos-arm64, r-oldrel-macos-x86_64, r-oldrel-windows-ix86+x86_64