Last updated on 2024-04-25 15:48:05 CEST.
Flavor | Version | Tinstall | Tcheck | Ttotal | Status | Flags |
---|---|---|---|---|---|---|
r-devel-linux-x86_64-debian-clang | 1.2 | 2.49 | 2.49 | ERROR | ||
r-devel-linux-x86_64-debian-gcc | 1.2 | 1.82 | 1.82 | ERROR | ||
r-devel-linux-x86_64-fedora-clang | 1.2 | 900.70 | OK | |||
r-devel-linux-x86_64-fedora-gcc | 1.2 | 519.00 | OK | |||
r-devel-windows-x86_64 | 1.2 | 57.00 | 449.00 | 506.00 | OK | |
r-patched-linux-x86_64 | 1.2 | 2.33 | 2.33 | ERROR | ||
r-release-linux-x86_64 | 1.2 | 57.90 | 671.81 | 729.71 | OK | |
r-release-macos-arm64 | 1.2 | 5.00 | ERROR | |||
r-release-macos-x86_64 | 1.2 | 7.00 | ERROR | |||
r-release-windows-x86_64 | 1.2 | 54.00 | 437.00 | 491.00 | OK | |
r-oldrel-macos-arm64 | 1.2 | 11.00 | ERROR | |||
r-oldrel-macos-x86_64 | 1.2 | 7.00 | ERROR | |||
r-oldrel-windows-x86_64 | 1.2 | 73.00 | 600.00 | 673.00 | OK |
Version: 1.2
Check: package dependencies
Result: ERROR
Packages required but not available: 'sva', 'TCGAbiolinks'
Package suggested but not available for checking: ‘genefilter’
See section ‘The DESCRIPTION file’ in the ‘Writing R Extensions’
manual.
Flavor: r-devel-linux-x86_64-debian-clang
Version: 1.2
Check: package dependencies
Result: ERROR
Package required but not available: ‘TCGAbiolinks’
See section ‘The DESCRIPTION file’ in the ‘Writing R Extensions’
manual.
Flavors: r-devel-linux-x86_64-debian-gcc, r-patched-linux-x86_64, r-oldrel-macos-arm64, r-oldrel-macos-x86_64
Version: 1.2
Check: package dependencies
Result: ERROR
Packages required but not available:
'TxDb.Hsapiens.UCSC.hg19.knownGene', 'TCGAbiolinks'
See section ‘The DESCRIPTION file’ in the ‘Writing R Extensions’
manual.
Flavors: r-release-macos-arm64, r-release-macos-x86_64