CRAN Package Check Results for Package olr

Last updated on 2024-05-29 11:52:44 CEST.

Flavor Version Tinstall Tcheck Ttotal Status Flags
r-devel-linux-x86_64-debian-clang 1.1 2.23 28.75 30.98 NOTE
r-devel-linux-x86_64-debian-gcc 1.1 2.17 21.78 23.95 NOTE
r-devel-linux-x86_64-fedora-clang 1.1 39.83 NOTE
r-devel-linux-x86_64-fedora-gcc 1.1 36.90 NOTE
r-devel-windows-x86_64 1.1 3.00 42.00 45.00 NOTE
r-patched-linux-x86_64 1.1 2.57 27.55 30.12 NOTE
r-release-linux-x86_64 1.1 1.82 27.28 29.10 NOTE
r-release-macos-arm64 1.1 16.00 NOTE
r-release-windows-x86_64 1.1 3.00 42.00 45.00 NOTE
r-oldrel-macos-arm64 1.1 18.00 NOTE
r-oldrel-macos-x86_64 1.1 22.00 NOTE
r-oldrel-windows-x86_64 1.1 4.00 43.00 47.00 NOTE

Check Details

Version: 1.1
Check: LazyData
Result: NOTE 'LazyData' is specified without a 'data' directory Flavors: r-devel-linux-x86_64-debian-clang, r-devel-linux-x86_64-debian-gcc, r-devel-linux-x86_64-fedora-clang, r-devel-linux-x86_64-fedora-gcc, r-devel-windows-x86_64, r-patched-linux-x86_64, r-release-linux-x86_64, r-release-macos-arm64, r-release-windows-x86_64, r-oldrel-macos-arm64, r-oldrel-macos-x86_64, r-oldrel-windows-x86_64