Last updated on 2024-04-18 12:52:53 CEST.
Flavor | Version | Tinstall | Tcheck | Ttotal | Status | Flags |
---|---|---|---|---|---|---|
r-devel-linux-x86_64-debian-clang | 1.0.2.1 | 1.82 | 34.52 | 36.34 | NOTE | |
r-devel-linux-x86_64-debian-gcc | 1.0.2.1 | 2.16 | 25.81 | 27.97 | NOTE | |
r-devel-linux-x86_64-fedora-clang | 1.0.2.1 | 46.66 | NOTE | |||
r-devel-linux-x86_64-fedora-gcc | 1.0.2.1 | 43.09 | NOTE | |||
r-prerel-macos-arm64 | 1.0.2.1 | 20.00 | NOTE | |||
r-prerel-windows-x86_64 | 1.0.2.1 | 4.00 | 48.00 | 52.00 | NOTE | |
r-patched-linux-x86_64 | 1.0.2.1 | 2.66 | 32.83 | 35.49 | NOTE | |
r-release-linux-x86_64 | 1.0.2.1 | 2.67 | 33.10 | 35.77 | NOTE | |
r-release-macos-arm64 | 1.0.2.1 | 20.00 | NOTE | |||
r-release-macos-x86_64 | 1.0.2.1 | 27.00 | NOTE | |||
r-release-windows-x86_64 | 1.0.2.1 | 5.00 | 51.00 | 56.00 | NOTE | |
r-oldrel-macos-arm64 | 1.0.2.1 | 18.00 | NOTE | |||
r-oldrel-windows-x86_64 | 1.0.2.1 | 5.00 | 56.00 | 61.00 | NOTE |
Version: 1.0.2.1
Check: LazyData
Result: NOTE
'LazyData' is specified without a 'data' directory
Flavors: r-devel-linux-x86_64-debian-clang, r-devel-linux-x86_64-debian-gcc, r-devel-linux-x86_64-fedora-clang, r-devel-linux-x86_64-fedora-gcc, r-prerel-macos-arm64, r-prerel-windows-x86_64, r-patched-linux-x86_64, r-release-linux-x86_64, r-release-macos-arm64, r-release-macos-x86_64, r-release-windows-x86_64, r-oldrel-macos-arm64, r-oldrel-windows-x86_64