CRAN Package Check Results for Package oii

Last updated on 2023-06-10 21:54:15 CEST.

Flavor Version Tinstall Tcheck Ttotal Status Flags
r-devel-linux-x86_64-debian-clang 1.0.2.1 2.83 34.14 36.97 NOTE
r-devel-linux-x86_64-debian-gcc 1.0.2.1 2.27 26.38 28.65 NOTE
r-devel-linux-x86_64-fedora-clang 1.0.2.1 45.78 NOTE
r-devel-linux-x86_64-fedora-gcc 1.0.2.1 43.03 NOTE
r-devel-windows-x86_64 1.0.2.1 5.00 49.00 54.00 NOTE
r-patched-linux-x86_64 1.0.2.1 2.47 32.77 35.24 NOTE
r-release-linux-x86_64 1.0.2.1 2.96 32.59 35.55 NOTE
r-release-macos-arm64 1.0.2.1 20.00 NOTE
r-release-macos-x86_64 1.0.2.1 27.00 NOTE
r-release-windows-x86_64 1.0.2.1 5.00 52.00 57.00 NOTE
r-oldrel-macos-arm64 1.0.2.1 18.00 NOTE
r-oldrel-macos-x86_64 1.0.2.1 32.00 NOTE
r-oldrel-windows-x86_64 1.0.2.1 6.00 52.00 58.00 NOTE

Check Details

Version: 1.0.2.1
Check: LazyData
Result: NOTE
     'LazyData' is specified without a 'data' directory
Flavors: r-devel-linux-x86_64-debian-clang, r-devel-linux-x86_64-debian-gcc, r-devel-linux-x86_64-fedora-clang, r-devel-linux-x86_64-fedora-gcc, r-devel-windows-x86_64, r-patched-linux-x86_64, r-release-linux-x86_64, r-release-macos-arm64, r-release-macos-x86_64, r-release-windows-x86_64, r-oldrel-macos-arm64, r-oldrel-macos-x86_64, r-oldrel-windows-x86_64