Last updated on 2025-05-20 21:50:19 CEST.
Flavor | Version | Tinstall | Tcheck | Ttotal | Status | Flags |
---|---|---|---|---|---|---|
r-devel-linux-x86_64-debian-clang | 0.0.4 | 17.27 | 33.21 | 50.48 | OK | |
r-devel-linux-x86_64-debian-gcc | 0.0.4 | 11.26 | 26.09 | 37.35 | OK | |
r-devel-linux-x86_64-fedora-clang | 0.0.4 | 87.08 | OK | |||
r-devel-linux-x86_64-fedora-gcc | 0.0.4 | 98.02 | OK | |||
r-devel-windows-x86_64 | 0.0.4 | 18.00 | 80.00 | 98.00 | OK | |
r-patched-linux-x86_64 | 0.0.4 | 16.19 | 31.10 | 47.29 | OK | |
r-release-linux-x86_64 | 0.0.4 | 16.09 | 31.31 | 47.40 | OK | |
r-release-macos-arm64 | 0.0.4 | 33.00 | OK | |||
r-release-macos-x86_64 | 0.0.4 | 59.00 | OK | |||
r-release-windows-x86_64 | 0.0.4 | 16.00 | 88.00 | 104.00 | OK | |
r-oldrel-macos-arm64 | 0.0.4 | 32.00 | NOTE | |||
r-oldrel-macos-x86_64 | 0.0.4 | 47.00 | NOTE | |||
r-oldrel-windows-x86_64 | 0.0.4 | 16.00 | 84.00 | 100.00 | NOTE |
Version: 0.0.4
Check: LazyData
Result: NOTE
'LazyData' is specified without a 'data' directory
Flavors: r-oldrel-macos-arm64, r-oldrel-macos-x86_64, r-oldrel-windows-x86_64