Last updated on 2025-02-04 03:49:55 CET.
Flavor | Version | Tinstall | Tcheck | Ttotal | Status | Flags |
---|---|---|---|---|---|---|
r-devel-linux-x86_64-debian-clang | 1.0.0 | 11.69 | 20.72 | 32.41 | OK | |
r-devel-linux-x86_64-debian-gcc | 1.0.0 | 9.14 | 17.47 | 26.61 | OK | |
r-devel-linux-x86_64-fedora-clang | 1.0.0 | 54.35 | OK | |||
r-devel-linux-x86_64-fedora-gcc | 1.0.0 | 49.52 | OK | |||
r-devel-windows-x86_64 | 1.0.0 | 11.00 | 38.00 | 49.00 | OK | |
r-patched-linux-x86_64 | 1.0.0 | 11.65 | 19.21 | 30.86 | OK | |
r-release-linux-x86_64 | 1.0.0 | 12.10 | 20.40 | 32.50 | OK | |
r-release-macos-arm64 | 1.0.0 | 22.00 | NOTE | |||
r-release-macos-x86_64 | 1.0.0 | 31.00 | NOTE | |||
r-release-windows-x86_64 | 1.0.0 | 11.00 | 43.00 | 54.00 | OK | |
r-oldrel-macos-arm64 | 1.0.0 | 23.00 | NOTE | |||
r-oldrel-macos-x86_64 | 1.0.0 | 34.00 | NOTE | |||
r-oldrel-windows-x86_64 | 1.0.0 | 12.00 | 37.00 | 49.00 | OK |
Version: 1.0.0
Check: installed package size
Result: NOTE
installed size is 5.3Mb
sub-directories of 1Mb or more:
data 5.2Mb
Flavors: r-release-macos-arm64, r-release-macos-x86_64, r-oldrel-macos-arm64, r-oldrel-macos-x86_64