Last updated on 2025-02-05 12:48:40 CET.
Flavor | Version | Tinstall | Tcheck | Ttotal | Status | Flags |
---|---|---|---|---|---|---|
r-devel-linux-x86_64-debian-clang | 2.0.1 | 8.06 | 88.67 | 96.73 | NOTE | |
r-devel-linux-x86_64-debian-gcc | 2.0.1 | 6.13 | 63.13 | 69.26 | NOTE | |
r-devel-linux-x86_64-fedora-clang | 2.0.1 | 163.83 | OK | |||
r-devel-linux-x86_64-fedora-gcc | 2.0.1 | 158.83 | OK | |||
r-devel-windows-x86_64 | 2.0.1 | 11.00 | 96.00 | 107.00 | NOTE | |
r-patched-linux-x86_64 | 2.0.1 | 12.31 | 80.77 | 93.08 | OK | |
r-release-linux-x86_64 | 2.0.1 | 7.71 | 81.74 | 89.45 | OK | |
r-release-macos-arm64 | 2.0.1 | 48.00 | OK | |||
r-release-macos-x86_64 | 2.0.1 | 81.00 | OK | |||
r-release-windows-x86_64 | 2.0.1 | 11.00 | 94.00 | 105.00 | OK | |
r-oldrel-macos-arm64 | 2.0.1 | 55.00 | OK | |||
r-oldrel-macos-x86_64 | 2.0.1 | 85.00 | OK | |||
r-oldrel-windows-x86_64 | 2.0.1 | 12.00 | 112.00 | 124.00 | OK |
Version: 2.0.1
Check: Rd cross-references
Result: NOTE
Found the following Rd file(s) with Rd \link{} targets missing package
anchors:
insert_or.Rd: ggplot2
Please provide package anchors for all Rd \link{} targets not in the
package itself and the base packages.
Flavors: r-devel-linux-x86_64-debian-clang, r-devel-linux-x86_64-debian-gcc, r-devel-windows-x86_64