Last updated on 2024-04-18 12:52:53 CEST.
Flavor | Version | Tinstall | Tcheck | Ttotal | Status | Flags |
---|---|---|---|---|---|---|
r-devel-linux-x86_64-debian-clang | 2.0.1 | 9.65 | 112.43 | 122.08 | OK | |
r-devel-linux-x86_64-debian-gcc | 2.0.1 | 7.87 | 81.96 | 89.83 | OK | |
r-devel-linux-x86_64-fedora-clang | 2.0.1 | 150.36 | NOTE | |||
r-devel-linux-x86_64-fedora-gcc | 2.0.1 | 156.84 | OK | |||
r-prerel-macos-arm64 | 2.0.1 | 48.00 | OK | |||
r-prerel-windows-x86_64 | 2.0.1 | 10.00 | 101.00 | 111.00 | OK | |
r-patched-linux-x86_64 | 2.0.1 | 12.65 | 107.05 | 119.70 | OK | |
r-release-linux-x86_64 | 2.0.1 | 10.34 | 105.93 | 116.27 | OK | |
r-release-macos-arm64 | 2.0.1 | 55.00 | OK | |||
r-release-macos-x86_64 | 2.0.1 | 85.00 | OK | |||
r-release-windows-x86_64 | 2.0.1 | 13.00 | 115.00 | 128.00 | OK | |
r-oldrel-macos-arm64 | 2.0.1 | 42.00 | OK | |||
r-oldrel-windows-x86_64 | 2.0.1 | 13.00 | 116.00 | 129.00 | OK |
Version: 2.0.1
Check: Rd cross-references
Result: NOTE
Undeclared package ‘gam’ in Rd xrefs
Flavor: r-devel-linux-x86_64-fedora-clang