Last updated on 2023-03-21 12:50:43 CET.
Flavor | Version | Tinstall | Tcheck | Ttotal | Status | Flags |
---|---|---|---|---|---|---|
r-devel-linux-x86_64-debian-clang | 0.1.4 | 1.92 | 23.38 | 25.30 | OK | |
r-devel-linux-x86_64-debian-gcc | 0.1.4 | 1.53 | 18.27 | 19.80 | OK | |
r-devel-linux-x86_64-fedora-clang | 0.1.4 | 33.18 | NOTE | |||
r-devel-linux-x86_64-fedora-gcc | 0.1.4 | 41.41 | NOTE | |||
r-patched-linux-x86_64 | 0.1.4 | 2.11 | 24.24 | 26.35 | OK | |
r-release-linux-x86_64 | 0.1.4 | 1.64 | 24.35 | 25.99 | OK | |
r-release-macos-arm64 | 0.1.4 | 16.00 | NOTE | |||
r-release-macos-x86_64 | 0.1.4 | 24.00 | NOTE | |||
r-release-windows-x86_64 | 0.1.4 | 12.00 | 54.00 | 66.00 | OK | |
r-oldrel-macos-arm64 | 0.1.4 | 18.00 | NOTE | |||
r-oldrel-macos-x86_64 | 0.1.4 | 22.00 | NOTE | |||
r-oldrel-windows-ix86+x86_64 | 0.1.4 | 6.00 | 50.00 | 56.00 | OK |
Version: 0.1.4
Check: dependencies in R code
Result: NOTE
Namespace in Imports field not imported from: ‘MASS’
All declared Imports should be used.
Flavors: r-devel-linux-x86_64-fedora-clang, r-devel-linux-x86_64-fedora-gcc, r-release-macos-arm64, r-release-macos-x86_64, r-oldrel-macos-arm64, r-oldrel-macos-x86_64