CRAN Package Check Results for Package odbc

Last updated on 2020-06-07 06:46:53 CEST.

Flavor Version Tinstall Tcheck Ttotal Status Flags
r-devel-linux-x86_64-debian-clang 1.2.2 81.65 46.55 128.20 OK
r-devel-linux-x86_64-debian-gcc 1.2.2 67.64 36.87 104.51 OK
r-devel-linux-x86_64-fedora-clang 1.2.2 192.35 NOTE
r-devel-linux-x86_64-fedora-gcc 1.2.2 170.64 OK
r-devel-windows-ix86+x86_64 1.2.2 234.00 120.00 354.00 OK
r-patched-linux-x86_64 1.2.2 69.49 46.49 115.98 OK
r-patched-solaris-x86 1.2.2 161.10 OK
r-release-linux-x86_64 1.2.2 71.68 46.75 118.43 OK
r-release-osx-x86_64 1.2.2 NOTE
r-release-windows-ix86+x86_64 1.2.2 206.00 136.00 342.00 OK
r-oldrel-osx-x86_64 1.2.2 NOTE
r-oldrel-windows-ix86+x86_64 1.2.2 220.00 86.00 306.00 OK

Check Details

Version: 1.2.2
Check: installed package size
Result: NOTE
     installed size is 7.5Mb
     sub-directories of 1Mb or more:
     libs 7.0Mb
Flavors: r-devel-linux-x86_64-fedora-clang, r-release-osx-x86_64, r-oldrel-osx-x86_64