Last updated on 2021-03-02 02:47:15 CET.
Flavor | Version | Tinstall | Tcheck | Ttotal | Status | Flags |
---|---|---|---|---|---|---|
r-devel-linux-x86_64-debian-clang | 0.1 | OK | ||||
r-devel-linux-x86_64-debian-gcc | 0.1 | 6.26 | 26.00 | 32.26 | OK | |
r-devel-linux-x86_64-fedora-clang | 0.1 | 59.69 | OK | |||
r-devel-linux-x86_64-fedora-gcc | 0.1 | 48.75 | OK | |||
r-devel-windows-ix86+x86_64 | 0.1 | 10.00 | 37.00 | 47.00 | OK | |
r-patched-linux-x86_64 | 0.1 | 8.13 | 31.65 | 39.78 | OK | |
r-patched-solaris-x86 | 0.1 | 75.40 | OK | |||
r-release-linux-x86_64 | 0.1 | 6.95 | 31.16 | 38.11 | OK | |
r-release-macos-x86_64 | 0.1 | OK | ||||
r-release-windows-ix86+x86_64 | 0.1 | 15.00 | 13.00 | 28.00 | ERROR | |
r-oldrel-macos-x86_64 | 0.1 | OK | ||||
r-oldrel-windows-ix86+x86_64 | 0.1 | 10.00 | 54.00 | 64.00 | OK |
Version: 0.1
Check: whether package can be installed
Result: ERROR
Installation failed.
Flavor: r-release-windows-ix86+x86_64