Last updated on 2023-03-23 21:50:16 CET.
Flavor | Version | Tinstall | Tcheck | Ttotal | Status | Flags |
---|---|---|---|---|---|---|
r-devel-linux-x86_64-debian-clang | 0.0.2 | 8.47 | 75.07 | 83.54 | OK | |
r-devel-linux-x86_64-debian-gcc | 0.0.2 | 6.02 | 56.98 | 63.00 | OK | |
r-devel-linux-x86_64-fedora-clang | 0.0.2 | 106.70 | OK | |||
r-devel-linux-x86_64-fedora-gcc | 0.0.2 | 113.64 | OK | |||
r-patched-linux-x86_64 | 0.0.2 | 7.03 | 73.73 | 80.76 | OK | |
r-release-linux-x86_64 | 0.0.2 | 6.52 | 72.52 | 79.04 | OK | |
r-release-macos-arm64 | 0.0.2 | 39.00 | OK | |||
r-release-macos-x86_64 | 0.0.2 | 94.00 | OK | |||
r-release-windows-x86_64 | 0.0.2 | 82.00 | 192.00 | 274.00 | OK | |
r-oldrel-macos-arm64 | 0.0.2 | 522.00 | OK | |||
r-oldrel-macos-x86_64 | 0.0.2 | 60.00 | WARN | |||
r-oldrel-windows-ix86+x86_64 | 0.0.2 | 19.00 | 106.00 | 125.00 | OK |
Version: 0.0.2
Check: re-building of vignette outputs
Result: WARN
Error(s) in re-building vignettes:
...
--- re-building ‘oceanexplorer.Rmd’ using rmarkdown
Quitting from lines 133-134 (oceanexplorer.Rmd)
Error: processing vignette 'oceanexplorer.Rmd' failed with diagnostics:
crs not found: is it missing?
--- failed re-building ‘oceanexplorer.Rmd’
SUMMARY: processing the following file failed:
‘oceanexplorer.Rmd’
Error: Vignette re-building failed.
Execution halted
Flavor: r-oldrel-macos-x86_64