CRAN Package Check Results for Package oce

Last updated on 2022-08-18 21:49:54 CEST.

Flavor Version Tinstall Tcheck Ttotal Status Flags
r-devel-linux-x86_64-debian-clang 1.7-8 247.01 599.72 846.73 ERROR
r-devel-linux-x86_64-debian-gcc 1.7-8 201.20 448.86 650.06 NOTE
r-devel-linux-x86_64-fedora-clang 1.7-8 1151.69 NOTE
r-devel-linux-x86_64-fedora-gcc 1.7-10 1093.67 OK
r-devel-windows-x86_64 1.7-8 363.00 819.00 1182.00 NOTE
r-patched-linux-x86_64 1.7-8 244.72 538.39 783.11 OK
r-release-linux-x86_64 1.7-8 OK
r-release-macos-arm64 1.7-8 250.00 NOTE
r-release-macos-x86_64 1.7-8 331.00 NOTE
r-release-windows-x86_64 1.7-8 360.00 720.00 1080.00 NOTE
r-oldrel-macos-arm64 1.7-8 230.00 NOTE
r-oldrel-macos-x86_64 1.7-8 330.00 NOTE
r-oldrel-windows-ix86+x86_64 1.7-8 591.00 896.00 1487.00 NOTE

Check Details

Version: 1.7-8
Check: tests
Result: ERROR
     Running 'testthat.R' [58s/63s]
    Running the tests in 'tests/testthat.R' failed.
    Complete output:
     > library(testthat)
     > library(oce)
     Loading required package: gsw
     >
     > test_check("oce")
     [ FAIL 1 | WARN 18 | SKIP 9 | PASS 2688 ]
    
     == Skipped tests ===============================================================
     * On CRAN (3)
     * empty test (6)
    
     == Failed tests ================================================================
     -- Error (test_ctd_ssda.R:8:5): read.ctd.ssda() works (discussions/1929) -------
     Error in `1L:dataStart`: argument of length 0
     Backtrace:
     x
     1. \-oce::read.oce(file) at test_ctd_ssda.R:8:4
     2. \-oce::read.ctd.ssda(...)
    
     [ FAIL 1 | WARN 18 | SKIP 9 | PASS 2688 ]
     Error: Test failures
     Execution halted
Flavor: r-devel-linux-x86_64-debian-clang

Version: 1.7-8
Check: HTML version of manual
Result: NOTE
    Found the following HTML validation problems:
    swTFreeze.html:114:1: Warning: trimming empty <li>
    Found the following math rendering problems:
    swSpecificHeat.Rd:35: Got group of unknown type: 'internal'
Flavors: r-devel-linux-x86_64-debian-clang, r-devel-linux-x86_64-debian-gcc

Version: 1.7-8
Check: installed package size
Result: NOTE
     installed size is 9.7Mb
     sub-directories of 1Mb or more:
     R 2.6Mb
     data 1.0Mb
     doc 2.0Mb
     help 2.9Mb
Flavors: r-devel-linux-x86_64-fedora-clang, r-devel-windows-x86_64, r-release-macos-arm64, r-release-macos-x86_64, r-release-windows-x86_64, r-oldrel-macos-arm64, r-oldrel-macos-x86_64, r-oldrel-windows-ix86+x86_64

Version: 1.7-8
Check: HTML version of manual
Result: NOTE
    Found the following math rendering problems:
    swSpecificHeat.Rd:35: Got group of unknown type: 'internal'
Flavor: r-devel-linux-x86_64-fedora-clang

Version: 1.7-8
Check: HTML version of manual
Result: NOTE
    Found the following HTML validation problems:
    swTFreeze.html:114:1: Warning: trimming empty <li>
    
    
    Found the following math rendering problems:
    swSpecificHeat.Rd:35: Got group of unknown type: 'internal'
Flavor: r-devel-windows-x86_64