Last updated on 2024-04-23 05:58:20 CEST.
Flavor | Version | Tinstall | Tcheck | Ttotal | Status | Flags |
---|---|---|---|---|---|---|
r-devel-linux-x86_64-debian-clang | 0.5.6 | 14.41 | 174.97 | 189.38 | OK | |
r-devel-linux-x86_64-debian-gcc | 0.5.6 | 10.11 | 128.97 | 139.08 | OK | |
r-devel-linux-x86_64-fedora-clang | 0.5.6 | 230.19 | NOTE | |||
r-devel-linux-x86_64-fedora-gcc | 0.5.6 | 223.85 | NOTE | |||
r-prerel-macos-arm64 | 0.5.6 | 537.00 | OK | |||
r-prerel-windows-x86_64 | 0.5.6 | 12.00 | 197.00 | 209.00 | OK | |
r-patched-linux-x86_64 | 0.5.6 | 18.70 | 165.34 | 184.04 | OK | |
r-release-linux-x86_64 | 0.5.6 | 11.85 | 162.73 | 174.58 | OK | |
r-release-macos-arm64 | 0.5.6 | 505.00 | OK | |||
r-release-macos-x86_64 | 0.5.6 | 507.00 | OK | |||
r-release-windows-x86_64 | 0.5.6 | 16.00 | 243.00 | 259.00 | OK | |
r-oldrel-macos-arm64 | 0.5.6 | 463.00 | NOTE | |||
r-oldrel-windows-x86_64 | 0.5.6 | 18.00 | 229.00 | 247.00 | OK |
Version: 0.5.6
Check: dependencies in R code
Result: NOTE
Namespace in Imports field not imported from: ‘httr’
All declared Imports should be used.
Flavors: r-devel-linux-x86_64-fedora-clang, r-devel-linux-x86_64-fedora-gcc, r-oldrel-macos-arm64
Version: 0.5.6
Check: data for non-ASCII characters
Result: NOTE
Note: found 7 marked UTF-8 strings
Flavors: r-devel-linux-x86_64-fedora-clang, r-devel-linux-x86_64-fedora-gcc, r-oldrel-macos-arm64