Last updated on 2022-06-25 12:54:29 CEST.
Flavor | Version | Tinstall | Tcheck | Ttotal | Status | Flags |
---|---|---|---|---|---|---|
r-devel-linux-x86_64-debian-clang | 0.1.1 | 50.66 | 123.40 | 174.06 | NOTE | |
r-devel-linux-x86_64-debian-gcc | 0.1.1 | 42.77 | 89.36 | 132.13 | NOTE | |
r-devel-linux-x86_64-fedora-clang | 0.1.1 | 248.19 | NOTE | |||
r-devel-linux-x86_64-fedora-gcc | 0.1.1 | 220.34 | NOTE | |||
r-devel-windows-x86_64 | 0.1.1 | 62.00 | 154.00 | 216.00 | NOTE | |
r-patched-linux-x86_64 | 0.1.1 | 51.40 | 114.38 | 165.78 | NOTE | |
r-release-linux-x86_64 | 0.1.1 | 45.57 | 112.68 | 158.25 | NOTE | |
r-release-macos-arm64 | 0.1.1 | 61.00 | NOTE | |||
r-release-macos-x86_64 | 0.1.1 | 98.00 | NOTE | |||
r-release-windows-x86_64 | 0.1.1 | 70.00 | 158.00 | 228.00 | NOTE | |
r-oldrel-macos-arm64 | 0.1.1 | 62.00 | NOTE | |||
r-oldrel-macos-x86_64 | 0.1.1 | 103.00 | NOTE | |||
r-oldrel-windows-ix86+x86_64 | 0.1.1 | 126.00 | 192.00 | 318.00 | NOTE |
Version: 0.1.1
Check: LazyData
Result: NOTE
'LazyData' is specified without a 'data' directory
Flavors: r-devel-linux-x86_64-debian-clang, r-devel-linux-x86_64-debian-gcc, r-devel-linux-x86_64-fedora-clang, r-devel-linux-x86_64-fedora-gcc, r-devel-windows-x86_64, r-patched-linux-x86_64, r-release-linux-x86_64, r-release-macos-arm64, r-release-macos-x86_64, r-release-windows-x86_64, r-oldrel-macos-arm64, r-oldrel-macos-x86_64, r-oldrel-windows-ix86+x86_64