CRAN Package Check Results for Package oaqc

Last updated on 2022-10-01 05:51:28 CEST.

Flavor Version Tinstall Tcheck Ttotal Status Flags
r-devel-linux-x86_64-debian-clang 1.0 4.36 25.49 29.85 NOTE
r-devel-linux-x86_64-debian-gcc 1.0 3.93 19.91 23.84 NOTE
r-devel-linux-x86_64-fedora-clang 1.0 56.50 NOTE
r-devel-linux-x86_64-fedora-gcc 1.0 47.43 NOTE
r-devel-windows-x86_64 1.0 14.00 72.00 86.00 NOTE
r-patched-linux-x86_64 1.0 4.64 24.48 29.12 NOTE
r-release-linux-x86_64 1.0 3.67 24.80 28.47 NOTE
r-release-macos-arm64 1.0 18.00 NOTE
r-release-macos-x86_64 1.0 26.00 NOTE
r-release-windows-x86_64 1.0 17.00 67.00 84.00 NOTE
r-oldrel-macos-arm64 1.0 26.00 NOTE
r-oldrel-macos-x86_64 1.0 27.00 NOTE
r-oldrel-windows-ix86+x86_64 1.0 16.00 69.00 85.00 NOTE

Check Details

Version: 1.0
Check: LazyData
Result: NOTE
     'LazyData' is specified without a 'data' directory
Flavors: r-devel-linux-x86_64-debian-clang, r-devel-linux-x86_64-debian-gcc, r-devel-linux-x86_64-fedora-clang, r-devel-linux-x86_64-fedora-gcc, r-devel-windows-x86_64, r-patched-linux-x86_64, r-release-linux-x86_64, r-release-macos-arm64, r-release-macos-x86_64, r-release-windows-x86_64, r-oldrel-macos-arm64, r-oldrel-macos-x86_64, r-oldrel-windows-ix86+x86_64