Last updated on 2023-03-30 06:53:22 CEST.
Flavor | Version | Tinstall | Tcheck | Ttotal | Status | Flags |
---|---|---|---|---|---|---|
r-devel-linux-x86_64-debian-clang | 1.2.2 | 110.11 | 188.81 | 298.92 | NOTE | |
r-devel-linux-x86_64-debian-gcc | 1.2.2 | 77.93 | 141.15 | 219.08 | NOTE | |
r-devel-linux-x86_64-fedora-clang | 1.2.2 | 384.99 | NOTE | |||
r-devel-linux-x86_64-fedora-gcc | 1.2.2 | 374.28 | NOTE | |||
r-devel-windows-x86_64 | 1.2.2 | 151.00 | 0.00 | 151.00 | NOTE | |
r-patched-linux-x86_64 | 1.2.2 | 83.69 | 178.68 | 262.37 | NOTE | |
r-release-linux-x86_64 | 1.2.2 | 66.80 | 180.17 | 246.97 | NOTE | |
r-release-macos-arm64 | 1.2.2 | 75.00 | NOTE | |||
r-release-macos-x86_64 | 1.2.2 | 132.00 | NOTE | |||
r-release-windows-x86_64 | 1.2.2 | 154.00 | 239.00 | 393.00 | NOTE | |
r-oldrel-macos-arm64 | 1.2.2 | 83.00 | NOTE | |||
r-oldrel-macos-x86_64 | 1.2.2 | 133.00 | NOTE | |||
r-oldrel-windows-ix86+x86_64 | 1.2.2 | 234.00 | 284.00 | 518.00 | NOTE |
Version: 1.2.2
Check: for GNU extensions in Makefiles
Result: NOTE
GNU make is a SystemRequirements.
Flavors: r-devel-linux-x86_64-debian-clang, r-devel-linux-x86_64-debian-gcc, r-devel-linux-x86_64-fedora-clang, r-devel-linux-x86_64-fedora-gcc, r-devel-windows-x86_64, r-patched-linux-x86_64, r-release-linux-x86_64, r-release-macos-arm64, r-release-macos-x86_64, r-release-windows-x86_64, r-oldrel-macos-arm64, r-oldrel-macos-x86_64, r-oldrel-windows-ix86+x86_64
Version: 1.2.2
Check: package dependencies
Result: NOTE
Imports includes 30 non-default packages.
Importing from so many packages makes the package vulnerable to any of
them becoming unavailable. Move as many as possible to Suggests and
use conditionally.
Flavor: r-devel-linux-x86_64-fedora-clang
Version: 1.2.2
Check: installed package size
Result: NOTE
installed size is 5.0Mb
sub-directories of 1Mb or more:
data 4.2Mb
Flavors: r-devel-linux-x86_64-fedora-clang, r-devel-windows-x86_64, r-release-macos-arm64, r-release-macos-x86_64, r-release-windows-x86_64, r-oldrel-macos-arm64, r-oldrel-macos-x86_64, r-oldrel-windows-ix86+x86_64
Version: 1.2.2
Check: dependencies in R code
Result: NOTE
Namespaces in Imports field not imported from:
‘R.utils’ ‘optparse’ ‘vcfR’
All declared Imports should be used.
Flavors: r-devel-linux-x86_64-fedora-clang, r-devel-linux-x86_64-fedora-gcc