Last updated on 2024-04-25 21:49:11 CEST.
Flavor | Version | Tinstall | Tcheck | Ttotal | Status | Flags |
---|---|---|---|---|---|---|
r-devel-linux-x86_64-debian-clang | 0.3.9 | 10.50 | 132.75 | 143.25 | OK | |
r-devel-linux-x86_64-debian-gcc | 0.3.9 | 9.42 | 97.01 | 106.43 | OK | |
r-devel-linux-x86_64-fedora-clang | 0.3.9 | 177.01 | NOTE | |||
r-devel-linux-x86_64-fedora-gcc | 0.3.9 | 457.78 | NOTE | |||
r-devel-windows-x86_64 | 0.3.9 | 13.00 | 110.00 | 123.00 | OK | |
r-patched-linux-x86_64 | 0.3.9 | 7.65 | 129.97 | 137.62 | OK | |
r-release-linux-x86_64 | 0.3.9 | 7.50 | 124.60 | 132.10 | OK | |
r-release-macos-arm64 | 0.3.9 | 112.00 | OK | |||
r-release-windows-x86_64 | 0.3.9 | 10.00 | 106.00 | 116.00 | OK | |
r-oldrel-macos-arm64 | 0.3.9 | 135.00 | OK | |||
r-oldrel-macos-x86_64 | 0.3.9 | 222.00 | OK | |||
r-oldrel-windows-x86_64 | 0.3.9 | 16.00 | 138.00 | 154.00 | OK |
Version: 0.3.9
Check: dependencies in R code
Result: NOTE
Namespaces in Imports field not imported from:
‘forecast’ ‘rlang’ ‘tsibble’ ‘viridis’
All declared Imports should be used.
Flavors: r-devel-linux-x86_64-fedora-clang, r-devel-linux-x86_64-fedora-gcc