CRAN Package Check Results for Package nsga3

Last updated on 2020-05-26 21:48:01 CEST.

Flavor Version Tinstall Tcheck Ttotal Status Flags
r-devel-linux-x86_64-debian-clang 0.0.3 12.97 85.19 98.16 OK
r-devel-linux-x86_64-debian-gcc 0.0.3 9.12 65.88 75.00 OK
r-devel-linux-x86_64-fedora-clang 0.0.3 113.74 NOTE
r-devel-linux-x86_64-fedora-gcc 0.0.3 111.59 NOTE
r-devel-windows-ix86+x86_64 0.0.3 32.00 94.00 126.00 OK
r-patched-linux-x86_64 0.0.3 10.87 81.71 92.58 OK
r-patched-solaris-x86 0.0.3 182.00 NOTE
r-release-linux-x86_64 0.0.3 12.51 82.89 95.40 OK
r-release-osx-x86_64 0.0.3 NOTE
r-release-windows-ix86+x86_64 0.0.3 31.00 130.00 161.00 OK
r-oldrel-osx-x86_64 0.0.3 NOTE
r-oldrel-windows-ix86+x86_64 0.0.3 22.00 97.00 119.00 OK

Check Details

Version: 0.0.3
Check: dependencies in R code
Result: NOTE
    Namespace in Imports field not imported from: ‘xgboost’
     All declared Imports should be used.
Flavors: r-devel-linux-x86_64-fedora-clang, r-devel-linux-x86_64-fedora-gcc, r-patched-solaris-x86, r-release-osx-x86_64, r-oldrel-osx-x86_64