CRAN Package Check Results for Package npregfast

Last updated on 2021-09-21 06:48:38 CEST.

Flavor Version Tinstall Tcheck Ttotal Status Flags
r-devel-linux-x86_64-debian-clang 1.5.1 18.42 109.16 127.58 OK
r-devel-linux-x86_64-debian-gcc 1.5.1 15.26 80.25 95.51 OK
r-devel-linux-x86_64-fedora-clang 1.5.1 160.78 OK
r-devel-linux-x86_64-fedora-gcc 1.5.1 147.39 OK
r-devel-windows-x86_64 1.5.1 18.00 97.00 115.00 OK
r-devel-windows-x86_64-gcc10-UCRT 1.5.1 ERROR
r-patched-linux-x86_64 1.5.1 14.33 101.74 116.07 OK
r-patched-solaris-x86 1.5.1 220.40 OK
r-release-linux-x86_64 1.5.1 13.83 101.10 114.93 OK
r-release-macos-arm64 1.5.1 OK
r-release-macos-x86_64 1.5.1 OK
r-release-windows-ix86+x86_64 1.5.1 43.00 133.00 176.00 OK
r-oldrel-macos-x86_64 1.5.1 OK
r-oldrel-windows-ix86+x86_64 1.5.1 43.00 128.00 171.00 OK

Check Details

Version: 1.5.1
Check: whether package can be installed
Result: ERROR
    Installation failed.
Flavor: r-devel-windows-x86_64-gcc10-UCRT