Last updated on 2024-03-29 12:54:12 CET.
Flavor | Version | Tinstall | Tcheck | Ttotal | Status | Flags |
---|---|---|---|---|---|---|
r-devel-linux-x86_64-debian-clang | 0.1.1 | 16.89 | 245.00 | 261.89 | OK | |
r-devel-linux-x86_64-debian-gcc | 0.1.1 | 14.69 | 182.60 | 197.29 | OK | |
r-devel-linux-x86_64-fedora-clang | 0.1.1 | 330.65 | OK | |||
r-devel-linux-x86_64-fedora-gcc | 0.1.1 | 326.66 | OK | |||
r-devel-windows-x86_64 | 0.1.1 | 14.00 | 111.00 | 125.00 | ERROR | |
r-patched-linux-x86_64 | 0.1.1 | 12.05 | 239.43 | 251.48 | OK | |
r-release-linux-x86_64 | 0.1.1 | 10.97 | 245.73 | 256.70 | OK | |
r-release-macos-arm64 | 0.1.1 | 100.00 | OK | |||
r-release-macos-x86_64 | 0.1.1 | 191.00 | OK | |||
r-release-windows-x86_64 | 0.1.1 | 20.00 | 257.00 | 277.00 | OK | |
r-oldrel-macos-arm64 | 0.1.1 | 90.00 | OK | |||
r-oldrel-windows-x86_64 | 0.1.1 | 21.00 | 262.00 | 283.00 | OK |
Version: 0.1.1
Check: re-building of vignette outputs
Result: ERROR
Error(s) in re-building vignettes:
--- re-building 'npcs-demo.Rmd' using rmarkdown
Flavor: r-devel-windows-x86_64