CRAN Package Check Results for Package nparsurv

Last updated on 2022-06-26 21:53:58 CEST.

Flavor Version Tinstall Tcheck Ttotal Status Flags
r-devel-linux-x86_64-debian-clang 0.1.0 6.38 63.85 70.23 NOTE
r-devel-linux-x86_64-debian-gcc 0.1.0 6.16 49.24 55.40 NOTE
r-devel-linux-x86_64-fedora-clang 0.1.0 94.72 NOTE
r-devel-linux-x86_64-fedora-gcc 0.1.0 94.66 NOTE
r-devel-windows-x86_64 0.1.0 13.00 84.00 97.00 NOTE
r-patched-linux-x86_64 0.1.0 6.55 61.42 67.97 NOTE
r-release-linux-x86_64 0.1.0 7.51 61.66 69.17 NOTE
r-release-macos-arm64 0.1.0 28.00 NOTE
r-release-macos-x86_64 0.1.0 42.00 NOTE
r-release-windows-x86_64 0.1.0 13.00 83.00 96.00 NOTE
r-oldrel-macos-arm64 0.1.0 36.00 NOTE
r-oldrel-macos-x86_64 0.1.0 59.00 NOTE
r-oldrel-windows-ix86+x86_64 0.1.0 16.00 80.00 96.00 NOTE

Check Details

Version: 0.1.0
Check: LazyData
Result: NOTE
     'LazyData' is specified without a 'data' directory
Flavors: r-devel-linux-x86_64-debian-clang, r-devel-linux-x86_64-debian-gcc, r-devel-linux-x86_64-fedora-clang, r-devel-linux-x86_64-fedora-gcc, r-devel-windows-x86_64, r-patched-linux-x86_64, r-release-linux-x86_64, r-release-macos-arm64, r-release-macos-x86_64, r-release-windows-x86_64, r-oldrel-macos-arm64, r-oldrel-macos-x86_64, r-oldrel-windows-ix86+x86_64