CRAN Package Check Results for Package notifyme

Last updated on 2022-10-01 05:51:28 CEST.

Flavor Version Tinstall Tcheck Ttotal Status Flags
r-devel-linux-x86_64-debian-clang 0.3.0 2.01 22.87 24.88 NOTE
r-devel-linux-x86_64-debian-gcc 0.3.0 1.64 17.80 19.44 NOTE
r-devel-linux-x86_64-fedora-clang 0.3.0 43.63 NOTE
r-devel-linux-x86_64-fedora-gcc 0.3.0 42.12 NOTE
r-devel-windows-x86_64 0.3.0 11.00 48.00 59.00 NOTE
r-patched-linux-x86_64 0.3.0 2.52 22.37 24.89 NOTE
r-release-linux-x86_64 0.3.0 2.00 21.80 23.80 NOTE
r-release-macos-arm64 0.3.0 14.00 NOTE
r-release-macos-x86_64 0.3.0 24.00 NOTE
r-release-windows-x86_64 0.3.0 13.00 47.00 60.00 NOTE
r-oldrel-macos-arm64 0.3.0 20.00 NOTE
r-oldrel-macos-x86_64 0.3.0 23.00 NOTE
r-oldrel-windows-ix86+x86_64 0.3.0 6.00 46.00 52.00 NOTE

Check Details

Version: 0.3.0
Check: LazyData
Result: NOTE
     'LazyData' is specified without a 'data' directory
Flavors: r-devel-linux-x86_64-debian-clang, r-devel-linux-x86_64-debian-gcc, r-devel-linux-x86_64-fedora-clang, r-devel-linux-x86_64-fedora-gcc, r-devel-windows-x86_64, r-patched-linux-x86_64, r-release-linux-x86_64, r-release-macos-arm64, r-release-macos-x86_64, r-release-windows-x86_64, r-oldrel-macos-arm64, r-oldrel-macos-x86_64, r-oldrel-windows-ix86+x86_64