CRAN Package Check Results for Package notifyR

Last updated on 2022-01-24 12:52:17 CET.

Flavor Version Tinstall Tcheck Ttotal Status Flags
r-devel-linux-x86_64-debian-clang 1.02 2.79 34.92 37.71 NOTE
r-devel-linux-x86_64-debian-gcc 1.02 2.04 27.85 29.89 NOTE
r-devel-linux-x86_64-fedora-clang 1.02 46.55 NOTE
r-devel-linux-x86_64-fedora-gcc 1.02 36.99 NOTE
r-devel-windows-x86_64-new-UL 1.02 10.00 56.00 66.00 OK
r-devel-windows-x86_64-new-TK 1.02 OK
r-patched-linux-x86_64 1.02 2.21 33.94 36.15 NOTE
r-release-linux-x86_64 1.02 2.08 34.17 36.25 NOTE
r-release-macos-arm64 1.02 OK
r-release-macos-x86_64 1.02 OK
r-release-windows-ix86+x86_64 1.02 6.00 43.00 49.00 OK
r-oldrel-macos-x86_64 1.02 OK
r-oldrel-windows-ix86+x86_64 1.02 6.00 43.00 49.00 OK

Check Details

Version: 1.02
Check: Rd line widths
Result: NOTE
    Rd file 'notifyR-package.Rd':
     \examples lines wider than 100 characters:
     send_push(userkey,message="finished.",title="World Simulation",url="http://www.myRresults.com/",url_title="View Results online.",priori ... [TRUNCATED]
    
    Rd file 'send_push.Rd':
     \usage lines wider than 90 characters:
     send_push(user, message, title = "", device = "", url = "", url_title = "", priority = FALSE, timestamp = Sys.time())
     \examples lines wider than 100 characters:
     send_push(userkey,message="finished.",title="World Simulation",url="http://www.myRresults.com/",url_title="View Results online.",priori ... [TRUNCATED]
    
    These lines will be truncated in the PDF manual.
Flavors: r-devel-linux-x86_64-debian-clang, r-devel-linux-x86_64-debian-gcc, r-devel-linux-x86_64-fedora-clang, r-devel-linux-x86_64-fedora-gcc, r-patched-linux-x86_64, r-release-linux-x86_64