Last updated on 2023-03-25 12:53:02 CET.
Flavor | Version | Tinstall | Tcheck | Ttotal | Status | Flags |
---|---|---|---|---|---|---|
r-devel-linux-x86_64-debian-clang | 1.0.3 | 10.09 | 94.73 | 104.82 | OK | |
r-devel-linux-x86_64-debian-gcc | 1.0.3 | 7.15 | 69.40 | 76.55 | OK | |
r-devel-linux-x86_64-fedora-clang | 1.0.3 | 128.89 | OK | |||
r-devel-linux-x86_64-fedora-gcc | 1.0.3 | 120.61 | OK | |||
r-patched-linux-x86_64 | 1.0.3 | 17.04 | 92.96 | 110.00 | OK | |
r-release-linux-x86_64 | 1.0.3 | 8.14 | 92.23 | 100.37 | OK | |
r-release-macos-arm64 | 1.0.3 | 36.00 | OK | |||
r-release-macos-x86_64 | 1.0.3 | 70.00 | OK | |||
r-release-windows-x86_64 | 1.0.3 | 42.00 | 130.00 | 172.00 | OK | |
r-oldrel-macos-arm64 | 1.0.3 | 34.00 | OK | |||
r-oldrel-macos-x86_64 | 1.0.3 | 53.00 | OK | |||
r-oldrel-windows-ix86+x86_64 | 1.0.3 | 20.00 | 151.00 | 171.00 | NOTE |
Version: 1.0.3
Check: R code for possible problems
Result: NOTE
Initiating curl with CURL_SSL_BACKEND: openssl
Flavor: r-oldrel-windows-ix86+x86_64