Last updated on 2023-12-03 21:49:21 CET.
Flavor | Version | Tinstall | Tcheck | Ttotal | Status | Flags |
---|---|---|---|---|---|---|
r-devel-linux-x86_64-debian-clang | 1.0.0 | 4.21 | 50.19 | 54.40 | NOTE | |
r-devel-linux-x86_64-debian-gcc | 1.0.0 | 4.06 | 38.16 | 42.22 | NOTE | |
r-devel-linux-x86_64-fedora-clang | 1.0.0 | 69.14 | NOTE | |||
r-devel-linux-x86_64-fedora-gcc | 1.0.0 | 66.23 | NOTE | |||
r-devel-windows-x86_64 | 1.0.0 | 6.00 | 64.00 | 70.00 | NOTE | |
r-patched-linux-x86_64 | 1.0.0 | 3.98 | 48.27 | 52.25 | NOTE | |
r-release-linux-x86_64 | 1.0.0 | 3.97 | 48.17 | 52.14 | NOTE | |
r-release-macos-arm64 | 1.0.0 | 27.00 | NOTE | |||
r-release-macos-x86_64 | 1.0.0 | 37.00 | NOTE | |||
r-release-windows-x86_64 | 1.0.0 | 7.00 | 69.00 | 76.00 | NOTE | |
r-oldrel-macos-arm64 | 1.0.0 | 24.00 | NOTE | |||
r-oldrel-macos-x86_64 | 1.0.0 | 48.00 | NOTE | |||
r-oldrel-windows-x86_64 | 1.0.0 | 7.00 | 72.00 | 79.00 | NOTE |
Version: 1.0.0
Check: LazyData
Result: NOTE
'LazyData' is specified without a 'data' directory
Flavors: r-devel-linux-x86_64-debian-clang, r-devel-linux-x86_64-debian-gcc, r-devel-linux-x86_64-fedora-clang, r-devel-linux-x86_64-fedora-gcc, r-devel-windows-x86_64, r-patched-linux-x86_64, r-release-linux-x86_64, r-release-macos-arm64, r-release-macos-x86_64, r-release-windows-x86_64, r-oldrel-macos-arm64, r-oldrel-macos-x86_64, r-oldrel-windows-x86_64